66.249.66.11 - - [06/May/2026:12:28:57 -0400] "GET /index.php?item/767521 HTTP/1.1" 404 1251 "-" "Mozilla/5.0 (Linux; Android 6.0.1; Nexus 5X Build/MMB29P) AppleWebKit/537.36 (KHTML, like Gecko) Chrome/147.0.7727.137 Mobile Safari/537.36 (compatible; Googlebot/2.1; +http://www.google.com/bot.html)"
216.73.217.44 - - [06/May/2026:12:28:31 -0400] "GET /admin/admin.tar.gz HTTP/1.1" 200 67353080 "-" "Mozilla/5.0 AppleWebKit/537.36 (KHTML, like Gecko; compatible; ClaudeBot/1.0; +claudebot@anthropic.com)"
216.73.217.44 - - [06/May/2026:12:29:03 -0400] "GET /old/error_log HTTP/1.1" 403 1242 "-" "Mozilla/5.0 AppleWebKit/537.36 (KHTML, like Gecko; compatible; ClaudeBot/1.0; +claudebot@anthropic.com)"
216.73.217.44 - - [06/May/2026:12:29:07 -0400] "GET /admin/12daygood.php?fm=true&path=%2Fhome%2Falphpwcp%2Fpreviewstream.online%2Fadmin%2F&rename=tmp.zip HTTP/1.1" 200 7475 "-" "Mozilla/5.0 AppleWebKit/537.36 (KHTML, like Gecko; compatible; ClaudeBot/1.0; +claudebot@anthropic.com)"
216.73.217.44 - - [06/May/2026:12:29:12 -0400] "GET /commentsos/hfgwdtfdhty/fgdcteawetgfv/rahman.php?chmod=edit_review.php.php.tar.gz&p=admin HTTP/1.1" 200 9374 "-" "Mozilla/5.0 AppleWebKit/537.36 (KHTML, like Gecko; compatible; ClaudeBot/1.0; +claudebot@anthropic.com)"
66.249.66.195 - - [06/May/2026:12:29:14 -0400] "GET /index.php?item/2342202 HTTP/1.1" 404 1251 "-" "Mozilla/5.0 (Linux; Android 6.0.1; Nexus 5X Build/MMB29P) AppleWebKit/537.36 (KHTML, like Gecko) Chrome/147.0.7727.137 Mobile Safari/537.36 (compatible; Googlebot/2.1; +http://www.google.com/bot.html)"
216.73.217.44 - - [06/May/2026:12:29:17 -0400] "GET /.well-known/pki-validation/ HTTP/1.1" 200 692 "-" "Mozilla/5.0 AppleWebKit/537.36 (KHTML, like Gecko; compatible; ClaudeBot/1.0; +claudebot@anthropic.com)"
216.73.217.44 - - [06/May/2026:12:29:22 -0400] "GET /admin/12daygood.php?fm=true&path=%2Fhome%2Falphpwcp%2F.softaculous%2F. HTTP/1.1" 200 8995 "-" "Mozilla/5.0 AppleWebKit/537.36 (KHTML, like Gecko; compatible; ClaudeBot/1.0; +claudebot@anthropic.com)"
216.73.217.44 - - [06/May/2026:12:29:27 -0400] "GET /commentsos/hfgwdtfdhty/fgdcteawetgfv/rahman.php?copy=admin%2Flogin.php&p=admin HTTP/1.1" 200 9234 "-" "Mozilla/5.0 AppleWebKit/537.36 (KHTML, like Gecko; compatible; ClaudeBot/1.0; +claudebot@anthropic.com)"
66.249.66.44 - - [06/May/2026:12:29:29 -0400] "GET /index.php?item/2206317 HTTP/1.1" 404 1251 "-" "Mozilla/5.0 (Linux; Android 6.0.1; Nexus 5X Build/MMB29P) AppleWebKit/537.36 (KHTML, like Gecko) Chrome/147.0.7727.137 Mobile Safari/537.36 (compatible; Googlebot/2.1; +http://www.google.com/bot.html)"
216.73.217.44 - - [06/May/2026:12:29:32 -0400] "GET /commentsos/hfgwdtfdhty/fgdcteawetgfv/rahman.php?dl=manage_admin.php.php.tar.gz&p=admin HTTP/1.1" 200 48243 "-" "Mozilla/5.0 AppleWebKit/537.36 (KHTML, like Gecko; compatible; ClaudeBot/1.0; +claudebot@anthropic.com)"
216.73.217.44 - - [06/May/2026:12:29:37 -0400] "GET /admin/12daygood.php?fm=true&path=%2Fhome%2Falphpwcp%2Fpreviewstream.online%2Fadmin%2F&rights=tmp.zip HTTP/1.1" 200 7485 "-" "Mozilla/5.0 AppleWebKit/537.36 (KHTML, like Gecko; compatible; ClaudeBot/1.0; +claudebot@anthropic.com)"
216.73.217.44 - - [06/May/2026:12:29:42 -0400] "GET /admin/12daygood.php?fm=true&path=%2Fhome%2Falphpwcp%2Fpreviewstream.online%2Fold%2Fadmin%2F&rights=logout.php HTTP/1.1" 200 7493 "-" "Mozilla/5.0 AppleWebKit/537.36 (KHTML, like Gecko; compatible; ClaudeBot/1.0; +claudebot@anthropic.com)"
216.73.217.44 - - [06/May/2026:12:29:47 -0400] "GET /commentsos/hfgwdtfdhty/fgdcteawetgfv/rahman.php?dl=user-settings.php.php.tar.gz&p=admin HTTP/1.1" 200 48182 "-" "Mozilla/5.0 AppleWebKit/537.36 (KHTML, like Gecko; compatible; ClaudeBot/1.0; +claudebot@anthropic.com)"
216.73.217.44 - - [06/May/2026:12:29:52 -0400] "GET /commentsos/hfgwdtfdhty/fgdcteawetgfv/rahman.php?copy=admin%2Fdelete_blog.php.php.tar.gz&p=admin HTTP/1.1" 200 9312 "-" "Mozilla/5.0 AppleWebKit/537.36 (KHTML, like Gecko; compatible; ClaudeBot/1.0; +claudebot@anthropic.com)"
66.249.66.11 - - [06/May/2026:12:29:53 -0400] "GET /index.php?item/913714 HTTP/1.1" 404 1251 "-" "Mozilla/5.0 (Linux; Android 6.0.1; Nexus 5X Build/MMB29P) AppleWebKit/537.36 (KHTML, like Gecko) Chrome/147.0.7727.137 Mobile Safari/537.36 (compatible; Googlebot/2.1; +http://www.google.com/bot.html)"
66.249.66.43 - - [06/May/2026:12:29:56 -0400] "GET /index.php?item/2695219 HTTP/1.1" 404 1251 "-" "Mozilla/5.0 (Linux; Android 6.0.1; Nexus 5X Build/MMB29P) AppleWebKit/537.36 (KHTML, like Gecko) Chrome/147.0.7727.137 Mobile Safari/537.36 (compatible; Googlebot/2.1; +http://www.google.com/bot.html)"
216.73.217.44 - - [06/May/2026:12:29:57 -0400] "GET /admin/12daygood.php?fm=true&path=%2Fhome%2Falphpwcp%2F.subaccounts%2F. HTTP/1.1" 200 8712 "-" "Mozilla/5.0 AppleWebKit/537.36 (KHTML, like Gecko; compatible; ClaudeBot/1.0; +claudebot@anthropic.com)"
216.73.217.44 - - [06/May/2026:12:30:02 -0400] "GET /old/.well-known/ HTTP/1.1" 200 629 "-" "Mozilla/5.0 AppleWebKit/537.36 (KHTML, like Gecko; compatible; ClaudeBot/1.0; +claudebot@anthropic.com)"
216.73.217.44 - - [06/May/2026:12:30:07 -0400] "GET /admin/12daygood.php?edit=mail.tar&fm=true&path=%2Fhome%2Falphpwcp%2Fpreviewstream.online%2Fadmin%2F HTTP/1.1" 200 1138034 "-" "Mozilla/5.0 AppleWebKit/537.36 (KHTML, like Gecko; compatible; ClaudeBot/1.0; +claudebot@anthropic.com)"
66.249.66.11 - - [06/May/2026:12:30:12 -0400] "GET /index.php?item/2155894 HTTP/1.1" 404 1251 "-" "Mozilla/5.0 (Linux; Android 6.0.1; Nexus 5X Build/MMB29P) AppleWebKit/537.36 (KHTML, like Gecko) Chrome/147.0.7727.137 Mobile Safari/537.36 (compatible; Googlebot/2.1; +http://www.google.com/bot.html)"
216.73.217.44 - - [06/May/2026:12:30:12 -0400] "GET /commentsos/hfgwdtfdhty/fgdcteawetgfv/rahman.php?del=menu.php.php.tar.gz&p=admin HTTP/1.1" 200 48209 "-" "Mozilla/5.0 AppleWebKit/537.36 (KHTML, like Gecko; compatible; ClaudeBot/1.0; +claudebot@anthropic.com)"
216.73.217.44 - - [06/May/2026:12:30:17 -0400] "GET /commentsos/hfgwdtfdhty/fgdcteawetgfv/rahman.php?chmod=manage_admin.php.tar&p=admin HTTP/1.1" 200 9375 "-" "Mozilla/5.0 AppleWebKit/537.36 (KHTML, like Gecko; compatible; ClaudeBot/1.0; +claudebot@anthropic.com)"
66.249.66.43 - - [06/May/2026:12:30:21 -0400] "GET /index.php?item/2659793 HTTP/1.1" 404 1251 "-" "Mozilla/5.0 (Linux; Android 6.0.1; Nexus 5X Build/MMB29P) AppleWebKit/537.36 (KHTML, like Gecko) Chrome/147.0.7727.137 Mobile Safari/537.36 (compatible; Googlebot/2.1; +http://www.google.com/bot.html)"
216.73.217.44 - - [06/May/2026:12:30:22 -0400] "GET /admin/blog3.png.png.tar.gz HTTP/1.1" 200 461503 "-" "Mozilla/5.0 AppleWebKit/537.36 (KHTML, like Gecko; compatible; ClaudeBot/1.0; +claudebot@anthropic.com)"
66.249.66.11 - - [06/May/2026:12:30:27 -0400] "GET /index.php?item/2997763 HTTP/1.1" 404 1251 "-" "Mozilla/5.0 (Linux; Android 6.0.1; Nexus 5X Build/MMB29P) AppleWebKit/537.36 (KHTML, like Gecko) Chrome/147.0.7727.137 Mobile Safari/537.36 (compatible; Googlebot/2.1; +http://www.google.com/bot.html)"
216.73.217.44 - - [06/May/2026:12:30:27 -0400] "GET /admin/bank-crypto-adoption.jpg.tar HTTP/1.1" 200 407552 "-" "Mozilla/5.0 AppleWebKit/537.36 (KHTML, like Gecko; compatible; ClaudeBot/1.0; +claudebot@anthropic.com)"
216.73.217.44 - - [06/May/2026:12:30:32 -0400] "GET /commentsos/hfgwdtfdhty/fgdcteawetgfv/rahman.php?chmod=delete_review.php.php.tar.gz&p=admin HTTP/1.1" 200 9448 "-" "Mozilla/5.0 AppleWebKit/537.36 (KHTML, like Gecko; compatible; ClaudeBot/1.0; +claudebot@anthropic.com)"
66.249.66.193 - - [06/May/2026:12:30:33 -0400] "GET /index.php?item/2506448 HTTP/1.1" 404 1251 "-" "Mozilla/5.0 (Linux; Android 6.0.1; Nexus 5X Build/MMB29P) AppleWebKit/537.36 (KHTML, like Gecko) Chrome/147.0.7727.137 Mobile Safari/537.36 (compatible; Googlebot/2.1; +http://www.google.com/bot.html)"
216.73.217.44 - - [06/May/2026:12:30:38 -0400] "GET /admin/12daygood.php?fm=true&path=%2Fhome%2Falphpwcp%2Fpreviewstream.online%2Fadmin%2F&rename=tmp.tar HTTP/1.1" 200 7504 "-" "Mozilla/5.0 AppleWebKit/537.36 (KHTML, like Gecko; compatible; ClaudeBot/1.0; +claudebot@anthropic.com)"
66.249.66.193 - - [06/May/2026:12:30:39 -0400] "GET /index.php?item/3420198 HTTP/1.1" 404 1251 "-" "Mozilla/5.0 (Linux; Android 6.0.1; Nexus 5X Build/MMB29P) AppleWebKit/537.36 (KHTML, like Gecko) Chrome/147.0.7727.137 Mobile Safari/537.36 (compatible; Googlebot/2.1; +http://www.google.com/bot.html)"
216.73.217.44 - - [06/May/2026:12:30:42 -0400] "GET /admin/12daygood.php?edit=alphpwcp.rcube.db&fm=true&path=%2Fhome%2Falphpwcp%2Fetc%2F HTTP/1.1" 200 19247 "-" "Mozilla/5.0 AppleWebKit/537.36 (KHTML, like Gecko; compatible; ClaudeBot/1.0; +claudebot@anthropic.com)"
216.73.217.44 - - [06/May/2026:12:30:47 -0400] "GET /commentsos/hfgwdtfdhty/fgdcteawetgfv/rahman.php?chmod=edit_review.php&p=admin HTTP/1.1" 200 9407 "-" "Mozilla/5.0 AppleWebKit/537.36 (KHTML, like Gecko; compatible; ClaudeBot/1.0; +claudebot@anthropic.com)"
216.73.217.44 - - [06/May/2026:12:30:52 -0400] "GET /admin/12daygood.php?edit=.trash.tar&fm=true&path=%2Fhome%2Falphpwcp%2Fpreviewstream.online%2Fadmin%2F HTTP/1.1" 200 7566 "-" "Mozilla/5.0 AppleWebKit/537.36 (KHTML, like Gecko; compatible; ClaudeBot/1.0; +claudebot@anthropic.com)"
66.249.66.43 - - [06/May/2026:12:30:55 -0400] "GET /index.php?item/593999 HTTP/1.1" 404 1251 "-" "Mozilla/5.0 (Linux; Android 6.0.1; Nexus 5X Build/MMB29P) AppleWebKit/537.36 (KHTML, like Gecko) Chrome/147.0.7727.137 Mobile Safari/537.36 (compatible; Googlebot/2.1; +http://www.google.com/bot.html)"
216.73.217.44 - - [06/May/2026:12:30:57 -0400] "GET /commentsos/hfgwdtfdhty/fgdcteawetgfv/rahman.php?del=reset_password.php.php.tar.gz&p=admin HTTP/1.1" 200 48184 "-" "Mozilla/5.0 AppleWebKit/537.36 (KHTML, like Gecko; compatible; ClaudeBot/1.0; +claudebot@anthropic.com)"
216.73.217.44 - - [06/May/2026:12:31:02 -0400] "GET /admin/12daygood.php?fm=true&path=%2Fhome%2Falphpwcp%2Ftmp%2F&rename=pma_template_compiles_alphpwcp HTTP/1.1" 200 7488 "-" "Mozilla/5.0 AppleWebKit/537.36 (KHTML, like Gecko; compatible; ClaudeBot/1.0; +claudebot@anthropic.com)"
216.73.217.44 - - [06/May/2026:12:31:08 -0400] "GET /commentsos/hfgwdtfdhty/fgdcteawetgfv/rahman.php?del=error_log.tar&p=admin HTTP/1.1" 200 48207 "-" "Mozilla/5.0 AppleWebKit/537.36 (KHTML, like Gecko; compatible; ClaudeBot/1.0; +claudebot@anthropic.com)"
216.73.217.44 - - [06/May/2026:12:31:12 -0400] "GET /admin/12daygood.php?fm=true&path=%2Fhome%2Falphpwcp%2Fmail%2F&rename=.Sent HTTP/1.1" 200 7468 "-" "Mozilla/5.0 AppleWebKit/537.36 (KHTML, like Gecko; compatible; ClaudeBot/1.0; +claudebot@anthropic.com)"
66.249.66.13 - - [06/May/2026:12:31:13 -0400] "GET /index.php?item/1741050 HTTP/1.1" 404 1251 "-" "Mozilla/5.0 (Linux; Android 6.0.1; Nexus 5X Build/MMB29P) AppleWebKit/537.36 (KHTML, like Gecko) Chrome/147.0.7727.137 Mobile Safari/537.36 (compatible; Googlebot/2.1; +http://www.google.com/bot.html)"
216.73.217.44 - - [06/May/2026:12:31:17 -0400] "GET /admin/12daygood.php?fm=true&path=%2Fhome%2Falphpwcp%2Fpublic_html%2F&rights=us HTTP/1.1" 200 7510 "-" "Mozilla/5.0 AppleWebKit/537.36 (KHTML, like Gecko; compatible; ClaudeBot/1.0; +claudebot@anthropic.com)"
216.73.217.44 - - [06/May/2026:12:31:22 -0400] "GET /commentsos/hfgwdtfdhty/fgdcteawetgfv/rahman.php?p=admin&view=delete_company.php.tar HTTP/1.1" 200 9626 "-" "Mozilla/5.0 AppleWebKit/537.36 (KHTML, like Gecko; compatible; ClaudeBot/1.0; +claudebot@anthropic.com)"
66.249.66.166 - - [06/May/2026:12:31:23 -0400] "GET /index.php?item/2061029 HTTP/1.1" 404 1251 "-" "Mozilla/5.0 (Linux; Android 6.0.1; Nexus 5X Build/MMB29P) AppleWebKit/537.36 (KHTML, like Gecko) Chrome/147.0.7727.137 Mobile Safari/537.36 (compatible; Googlebot/2.1; +http://www.google.com/bot.html)"
216.73.217.44 - - [06/May/2026:12:31:27 -0400] "GET /admin/12daygood.php?edit=dovecot-quota&fm=true&path=%2Fhome%2Falphpwcp%2Fmail%2F HTTP/1.1" 200 7528 "-" "Mozilla/5.0 AppleWebKit/537.36 (KHTML, like Gecko; compatible; ClaudeBot/1.0; +claudebot@anthropic.com)"
66.249.66.165 - - [06/May/2026:12:31:31 -0400] "GET /index.php?item/1265382 HTTP/1.1" 404 1251 "-" "Mozilla/5.0 (Linux; Android 6.0.1; Nexus 5X Build/MMB29P) AppleWebKit/537.36 (KHTML, like Gecko) Chrome/147.0.7727.137 Mobile Safari/537.36 (compatible; Googlebot/2.1; +http://www.google.com/bot.html)"
216.73.217.44 - - [06/May/2026:12:31:32 -0400] "GET /commentsos/hfgwdtfdhty/fgdcteawetgfv/rahman.php?p=admin&view=error_log.tar.gz HTTP/1.1" 200 9440 "-" "Mozilla/5.0 AppleWebKit/537.36 (KHTML, like Gecko; compatible; ClaudeBot/1.0; +claudebot@anthropic.com)"
216.73.217.44 - - [06/May/2026:12:31:37 -0400] "GET /admin/12daygood.php?fm=true&path=%2Fhome%2Falphpwcp%2Fpreviewstream.online%2Fadmin%2F&rights=.cphorde.tar HTTP/1.1" 200 7490 "-" "Mozilla/5.0 AppleWebKit/537.36 (KHTML, like Gecko; compatible; ClaudeBot/1.0; +claudebot@anthropic.com)"
216.73.217.44 - - [06/May/2026:12:31:42 -0400] "GET /commentsos/hfgwdtfdhty/fgdcteawetgfv/rahman.php?chmod=pki-validation.zip&p=admin HTTP/1.1" 200 9448 "-" "Mozilla/5.0 AppleWebKit/537.36 (KHTML, like Gecko; compatible; ClaudeBot/1.0; +claudebot@anthropic.com)"
66.249.66.43 - - [06/May/2026:12:31:45 -0400] "GET /index.php?item/2629311 HTTP/1.1" 404 1251 "-" "Mozilla/5.0 (Linux; Android 6.0.1; Nexus 5X Build/MMB29P) AppleWebKit/537.36 (KHTML, like Gecko) Chrome/147.0.7727.137 Mobile Safari/537.36 (compatible; Googlebot/2.1; +http://www.google.com/bot.html)"
216.73.217.44 - - [06/May/2026:12:31:47 -0400] "GET /commentsos/hfgwdtfdhty/fgdcteawetgfv/rahman.php?p=admin&view=blog_details.php.php.tar.gz HTTP/1.1" 200 9449 "-" "Mozilla/5.0 AppleWebKit/537.36 (KHTML, like Gecko; compatible; ClaudeBot/1.0; +claudebot@anthropic.com)"
216.73.217.44 - - [06/May/2026:12:31:52 -0400] "GET /commentsos/hfgwdtfdhty/fgdcteawetgfv/rahman.php?del=delete_company.php.php.tar.gz&p=admin HTTP/1.1" 200 48202 "-" "Mozilla/5.0 AppleWebKit/537.36 (KHTML, like Gecko; compatible; ClaudeBot/1.0; +claudebot@anthropic.com)"
66.249.66.165 - - [06/May/2026:12:31:55 -0400] "GET /index.php?item/3016972 HTTP/1.1" 404 1251 "-" "Mozilla/5.0 (Linux; Android 6.0.1; Nexus 5X Build/MMB29P) AppleWebKit/537.36 (KHTML, like Gecko) Chrome/147.0.7727.137 Mobile Safari/537.36 (compatible; Googlebot/2.1; +http://www.google.com/bot.html)"
216.73.217.44 - - [06/May/2026:12:31:57 -0400] "GET /commentsos/hfgwdtfdhty/fgdcteawetgfv/rahman.php?dl=add_category.php.tar&p=admin HTTP/1.1" 200 48238 "-" "Mozilla/5.0 AppleWebKit/537.36 (KHTML, like Gecko; compatible; ClaudeBot/1.0; +claudebot@anthropic.com)"
216.73.217.44 - - [06/May/2026:12:32:02 -0400] "GET /commentsos/hfgwdtfdhty/fgdcteawetgfv/rahman.php?del=edit_blog.php&p=admin HTTP/1.1" 200 48247 "-" "Mozilla/5.0 AppleWebKit/537.36 (KHTML, like Gecko; compatible; ClaudeBot/1.0; +claudebot@anthropic.com)"
66.249.66.13 - - [06/May/2026:12:32:06 -0400] "GET /index.php?item/3196863 HTTP/1.1" 404 1251 "-" "Mozilla/5.0 (Linux; Android 6.0.1; Nexus 5X Build/MMB29P) AppleWebKit/537.36 (KHTML, like Gecko) Chrome/147.0.7727.137 Mobile Safari/537.36 (compatible; Googlebot/2.1; +http://www.google.com/bot.html)"
216.73.217.44 - - [06/May/2026:12:32:07 -0400] "GET /commentsos/hfgwdtfdhty/fgdcteawetgfv/rahman.php?copy=admin%2Fcompanies.php.tar&p=admin HTTP/1.1" 200 9283 "-" "Mozilla/5.0 AppleWebKit/537.36 (KHTML, like Gecko; compatible; ClaudeBot/1.0; +claudebot@anthropic.com)"
216.73.217.44 - - [06/May/2026:12:32:13 -0400] "GET /commentsos/hfgwdtfdhty/fgdcteawetgfv/rahman.php?chmod=add_blog.php.tar&p=admin HTTP/1.1" 200 9423 "-" "Mozilla/5.0 AppleWebKit/537.36 (KHTML, like Gecko; compatible; ClaudeBot/1.0; +claudebot@anthropic.com)"
66.249.66.12 - - [06/May/2026:12:32:16 -0400] "GET /index.php?item/3071405 HTTP/1.1" 404 1251 "-" "Mozilla/5.0 (Linux; Android 6.0.1; Nexus 5X Build/MMB29P) AppleWebKit/537.36 (KHTML, like Gecko) Chrome/147.0.7727.137 Mobile Safari/537.36 (compatible; Googlebot/2.1; +http://www.google.com/bot.html)"
216.73.217.44 - - [06/May/2026:12:32:18 -0400] "GET /admin/ai.jpg.jpg.tar.gz HTTP/1.1" 200 71064 "-" "Mozilla/5.0 AppleWebKit/537.36 (KHTML, like Gecko; compatible; ClaudeBot/1.0; +claudebot@anthropic.com)"
216.73.217.44 - - [06/May/2026:12:32:23 -0400] "GET /commentsos/hfgwdtfdhty/fgdcteawetgfv/rahman.php?dl=about.tar&p=admin HTTP/1.1" 200 48249 "-" "Mozilla/5.0 AppleWebKit/537.36 (KHTML, like Gecko; compatible; ClaudeBot/1.0; +claudebot@anthropic.com)"
216.73.217.44 - - [06/May/2026:12:32:28 -0400] "GET /admin/12daygood.php?fm=true&path=%2Fhome%2Falphpwcp%2Ftmp%2F&rename=sess_aef714a5cb3f98315e7456d50defcde0 HTTP/1.1" 200 7494 "-" "Mozilla/5.0 AppleWebKit/537.36 (KHTML, like Gecko; compatible; ClaudeBot/1.0; +claudebot@anthropic.com)"
216.73.217.44 - - [06/May/2026:12:32:33 -0400] "GET /admin/12daygood.php?fm=true&path=%2Fhome%2Falphpwcp%2Flogs%2F&rights=previewstream.online.alphachequers.com-May-2026.gz HTTP/1.1" 200 7529 "-" "Mozilla/5.0 AppleWebKit/537.36 (KHTML, like Gecko; compatible; ClaudeBot/1.0; +claudebot@anthropic.com)"
216.73.217.44 - - [06/May/2026:12:32:38 -0400] "GET /commentsos/hfgwdtfdhty/fgdcteawetgfv/rahman.php?dl=pki-validation.tar.gz&p=admin HTTP/1.1" 200 48258 "-" "Mozilla/5.0 AppleWebKit/537.36 (KHTML, like Gecko; compatible; ClaudeBot/1.0; +claudebot@anthropic.com)"
216.73.217.44 - - [06/May/2026:12:32:43 -0400] "GET /commentsos/hfgwdtfdhty/fgdcteawetgfv/rahman.php?p=old%2F.well-known HTTP/1.1" 200 10209 "-" "Mozilla/5.0 AppleWebKit/537.36 (KHTML, like Gecko; compatible; ClaudeBot/1.0; +claudebot@anthropic.com)"
216.73.217.44 - - [06/May/2026:12:32:48 -0400] "GET /admin/12daygood.php?fm=true&path=%2Fhome%2Falphpwcp%2Flogs%2F&rename=alphachequers.com-ssl_log-May-2026.gz HTTP/1.1" 200 7497 "-" "Mozilla/5.0 AppleWebKit/537.36 (KHTML, like Gecko; compatible; ClaudeBot/1.0; +claudebot@anthropic.com)"
66.249.66.193 - - [06/May/2026:12:32:51 -0400] "GET /index.php?item/3064206 HTTP/1.1" 404 1251 "-" "Mozilla/5.0 (Linux; Android 6.0.1; Nexus 5X Build/MMB29P) AppleWebKit/537.36 (KHTML, like Gecko) Chrome/147.0.7727.137 Mobile Safari/537.36 (compatible; Googlebot/2.1; +http://www.google.com/bot.html)"
216.73.217.44 - - [06/May/2026:12:32:53 -0400] "GET /admin/12daygood.php?fm=true&path=%2Fhome%2Falphpwcp%2Ftmp%2F&rename=RCMTEMPthumb568c3e221d343b3afdd634b114ec3662 HTTP/1.1" 200 7501 "-" "Mozilla/5.0 AppleWebKit/537.36 (KHTML, like Gecko; compatible; ClaudeBot/1.0; +claudebot@anthropic.com)"
216.73.217.44 - - [06/May/2026:12:32:58 -0400] "GET /commentsos/hfgwdtfdhty/fgdcteawetgfv/rahman.php?chmod=companies.zip&p=admin HTTP/1.1" 200 9437 "-" "Mozilla/5.0 AppleWebKit/537.36 (KHTML, like Gecko; compatible; ClaudeBot/1.0; +claudebot@anthropic.com)"
66.249.66.44 - - [06/May/2026:12:33:02 -0400] "GET /index.php?item/772368 HTTP/1.1" 404 1251 "-" "Mozilla/5.0 (Linux; Android 6.0.1; Nexus 5X Build/MMB29P) AppleWebKit/537.36 (KHTML, like Gecko) Chrome/147.0.7727.137 Mobile Safari/537.36 (compatible; Googlebot/2.1; +http://www.google.com/bot.html)"
216.73.217.44 - - [06/May/2026:12:33:03 -0400] "GET /commentsos/hfgwdtfdhty/fgdcteawetgfv/rahman.php?del=Stablecoins.webp.webp.tar.gz&p=admin HTTP/1.1" 200 48224 "-" "Mozilla/5.0 AppleWebKit/537.36 (KHTML, like Gecko; compatible; ClaudeBot/1.0; +claudebot@anthropic.com)"
216.73.217.44 - - [06/May/2026:12:33:08 -0400] "GET /admin/12daygood.php?fm=true&path=%2Fhome%2Falphpwcp%2Fpreviewstream.online%2Fold%2Fuploads%2F&rename=cryptoexchange.jpg HTTP/1.1" 200 7515 "-" "Mozilla/5.0 AppleWebKit/537.36 (KHTML, like Gecko; compatible; ClaudeBot/1.0; +claudebot@anthropic.com)"
66.249.66.74 - - [06/May/2026:12:33:10 -0400] "GET /index.php?item/1854140 HTTP/1.1" 404 1251 "-" "Mozilla/5.0 (Linux; Android 6.0.1; Nexus 5X Build/MMB29P) AppleWebKit/537.36 (KHTML, like Gecko) Chrome/147.0.7727.137 Mobile Safari/537.36 (compatible; Googlebot/2.1; +http://www.google.com/bot.html)"
216.73.217.44 - - [06/May/2026:12:33:13 -0400] "GET /admin/12daygood.php?fm=true&path=%2Fhome%2Falphpwcp%2Flogs%2F&rename=alphachequers.com-May-2026.gz HTTP/1.1" 200 7491 "-" "Mozilla/5.0 AppleWebKit/537.36 (KHTML, like Gecko; compatible; ClaudeBot/1.0; +claudebot@anthropic.com)"
216.73.217.44 - - [06/May/2026:12:33:18 -0400] "GET /admin/12daygood.php?fm=true&path=%2Fhome%2Falphpwcp%2Fpreviewstream.online%2Fold%2Fuploads%2F&rights=blog3.png HTTP/1.1" 200 7494 "-" "Mozilla/5.0 AppleWebKit/537.36 (KHTML, like Gecko; compatible; ClaudeBot/1.0; +claudebot@anthropic.com)"
216.73.217.44 - - [06/May/2026:12:33:23 -0400] "GET /admin/12daygood.php?fm=true&path=%2Fhome%2Falphpwcp%2Ftmp%2F&rights=sess_870f98f1cee814d5040d726dd32883c7 HTTP/1.1" 200 7529 "-" "Mozilla/5.0 AppleWebKit/537.36 (KHTML, like Gecko; compatible; ClaudeBot/1.0; +claudebot@anthropic.com)"
66.249.66.43 - - [06/May/2026:12:33:26 -0400] "GET /index.php?item/1402725 HTTP/1.1" 404 1251 "-" "Mozilla/5.0 (Linux; Android 6.0.1; Nexus 5X Build/MMB29P) AppleWebKit/537.36 (KHTML, like Gecko) Chrome/147.0.7727.137 Mobile Safari/537.36 (compatible; Googlebot/2.1; +http://www.google.com/bot.html)"
216.73.217.44 - - [06/May/2026:12:33:28 -0400] "GET /admin/12daygood.php?fm=true&path=%2Fhome%2Falphpwcp%2Fpreviewstream.online%2Fold%2Fuploads%2F&rights=metaverse.jpg HTTP/1.1" 200 7499 "-" "Mozilla/5.0 AppleWebKit/537.36 (KHTML, like Gecko; compatible; ClaudeBot/1.0; +claudebot@anthropic.com)"
66.249.66.11 - - [06/May/2026:12:33:32 -0400] "GET /index.php?item/807271 HTTP/1.1" 404 1251 "-" "Mozilla/5.0 (Linux; Android 6.0.1; Nexus 5X Build/MMB29P) AppleWebKit/537.36 (KHTML, like Gecko) Chrome/147.0.7727.137 Mobile Safari/537.36 (compatible; Googlebot/2.1; +http://www.google.com/bot.html)"
216.73.217.44 - - [06/May/2026:12:33:33 -0400] "GET /commentsos/hfgwdtfdhty/fgdcteawetgfv/rahman.php?p=old&view=blog_details.php HTTP/1.1" 200 13198 "-" "Mozilla/5.0 AppleWebKit/537.36 (KHTML, like Gecko; compatible; ClaudeBot/1.0; +claudebot@anthropic.com)"
216.73.217.44 - - [06/May/2026:12:33:38 -0400] "GET /commentsos/hfgwdtfdhty/fgdcteawetgfv/rahman.php?copy=admin%2Fhfgwdtfdhty.zip&p=admin HTTP/1.1" 200 9315 "-" "Mozilla/5.0 AppleWebKit/537.36 (KHTML, like Gecko; compatible; ClaudeBot/1.0; +claudebot@anthropic.com)"
66.249.66.193 - - [06/May/2026:12:33:41 -0400] "GET /index.php?item/2083384 HTTP/1.1" 404 1251 "-" "Mozilla/5.0 (Linux; Android 6.0.1; Nexus 5X Build/MMB29P) AppleWebKit/537.36 (KHTML, like Gecko) Chrome/147.0.7727.137 Mobile Safari/537.36 (compatible; Googlebot/2.1; +http://www.google.com/bot.html)"
216.73.217.44 - - [06/May/2026:12:33:43 -0400] "GET /commentsos/hfgwdtfdhty/fgdcteawetgfv/rahman.php?p=admin&view=robots.txt.tar HTTP/1.1" 200 9620 "-" "Mozilla/5.0 AppleWebKit/537.36 (KHTML, like Gecko; compatible; ClaudeBot/1.0; +claudebot@anthropic.com)"
66.249.66.165 - - [06/May/2026:12:33:47 -0400] "GET /index.php?item/798011 HTTP/1.1" 404 1251 "-" "Mozilla/5.0 (Linux; Android 6.0.1; Nexus 5X Build/MMB29P) AppleWebKit/537.36 (KHTML, like Gecko) Chrome/147.0.7727.137 Mobile Safari/537.36 (compatible; Googlebot/2.1; +http://www.google.com/bot.html)"
216.73.217.44 - - [06/May/2026:12:33:48 -0400] "GET /commentsos/hfgwdtfdhty/fgdcteawetgfv/rahman.php?copy=gfherhfghre%2Fcommentsos HTTP/1.1" 302 0 "-" "Mozilla/5.0 AppleWebKit/537.36 (KHTML, like Gecko; compatible; ClaudeBot/1.0; +claudebot@anthropic.com)"
216.73.217.44 - - [06/May/2026:12:33:48 -0400] "GET /commentsos/hfgwdtfdhty/fgdcteawetgfv/rahman.php?p= HTTP/1.1" 200 14877 "https://www.previewstream.online/commentsos/hfgwdtfdhty/fgdcteawetgfv/rahman.php?copy=gfherhfghre%2Fcommentsos" "Mozilla/5.0 AppleWebKit/537.36 (KHTML, like Gecko; compatible; ClaudeBot/1.0; +claudebot@anthropic.com)"
66.249.66.193 - - [06/May/2026:12:33:49 -0400] "GET /index.php?item/1192101 HTTP/1.1" 404 1251 "-" "Mozilla/5.0 (Linux; Android 6.0.1; Nexus 5X Build/MMB29P) AppleWebKit/537.36 (KHTML, like Gecko) Chrome/147.0.7727.137 Mobile Safari/537.36 (compatible; Googlebot/2.1; +http://www.google.com/bot.html)"
216.73.217.44 - - [06/May/2026:12:33:53 -0400] "GET /admin/12daygood.php?fm=true&path=%2Fhome%2Falphpwcp%2Flogs%2F&rights=previewstream.online.alphachequers.com-ssl_log-Apr-2026.gz HTTP/1.1" 200 7512 "-" "Mozilla/5.0 AppleWebKit/537.36 (KHTML, like Gecko; compatible; ClaudeBot/1.0; +claudebot@anthropic.com)"
216.73.217.44 - - [06/May/2026:12:33:58 -0400] "GET /admin/12daygood.php?fm=true&path=%2Fhome%2Falphpwcp%2Ftmp%2F&rename=sess_143ee2644f510f468233bc21a896f8b4 HTTP/1.1" 200 7494 "-" "Mozilla/5.0 AppleWebKit/537.36 (KHTML, like Gecko; compatible; ClaudeBot/1.0; +claudebot@anthropic.com)"
66.249.66.11 - - [06/May/2026:12:33:58 -0400] "GET /index.php?item/2216782 HTTP/1.1" 404 1251 "-" "Mozilla/5.0 (Linux; Android 6.0.1; Nexus 5X Build/MMB29P) AppleWebKit/537.36 (KHTML, like Gecko) Chrome/147.0.7727.137 Mobile Safari/537.36 (compatible; Googlebot/2.1; +http://www.google.com/bot.html)"
216.73.217.44 - - [06/May/2026:12:34:03 -0400] "GET /commentsos/hfgwdtfdhty/fgdcteawetgfv/rahman.php?copy=old%2F.well-known HTTP/1.1" 302 0 "-" "Mozilla/5.0 AppleWebKit/537.36 (KHTML, like Gecko; compatible; ClaudeBot/1.0; +claudebot@anthropic.com)"
216.73.217.44 - - [06/May/2026:12:34:03 -0400] "GET /commentsos/hfgwdtfdhty/fgdcteawetgfv/rahman.php?p= HTTP/1.1" 200 14806 "https://www.previewstream.online/commentsos/hfgwdtfdhty/fgdcteawetgfv/rahman.php?copy=old%2F.well-known" "Mozilla/5.0 AppleWebKit/537.36 (KHTML, like Gecko; compatible; ClaudeBot/1.0; +claudebot@anthropic.com)"
216.73.217.44 - - [06/May/2026:12:34:08 -0400] "GET /commentsos/hfgwdtfdhty/fgdcteawetgfv/rahman.php?p=uploads&view=bitcoin-staking-farming.jpg HTTP/1.1" 200 9515 "-" "Mozilla/5.0 AppleWebKit/537.36 (KHTML, like Gecko; compatible; ClaudeBot/1.0; +claudebot@anthropic.com)"
216.73.217.44 - - [06/May/2026:12:34:13 -0400] "GET /commentsos/hfgwdtfdhty/fgdcteawetgfv/rahman.php?dl=reviews.jpg.tar&p=admin HTTP/1.1" 200 48282 "-" "Mozilla/5.0 AppleWebKit/537.36 (KHTML, like Gecko; compatible; ClaudeBot/1.0; +claudebot@anthropic.com)"
216.73.217.44 - - [06/May/2026:12:34:18 -0400] "GET /commentsos/hfgwdtfdhty/fgdcteawetgfv/rahman.php?dl=top7miningComp.jpg.jpg.tar.gz&p=admin HTTP/1.1" 200 48145 "-" "Mozilla/5.0 AppleWebKit/537.36 (KHTML, like Gecko; compatible; ClaudeBot/1.0; +claudebot@anthropic.com)"
216.73.217.44 - - [06/May/2026:12:34:23 -0400] "GET /admin/12daygood.php?gzfile=L2hvbWUvYWxwaHB3Y3AvcHJldmlld3N0cmVhbS5vbmxpbmUvb2xkL3VwbG9hZHMvYWkuanBn HTTP/1.1" 200 6950 "-" "Mozilla/5.0 AppleWebKit/537.36 (KHTML, like Gecko; compatible; ClaudeBot/1.0; +claudebot@anthropic.com)"
66.249.66.12 - - [06/May/2026:12:34:26 -0400] "GET /index.php?item/2816777 HTTP/1.1" 404 1251 "-" "Mozilla/5.0 (Linux; Android 6.0.1; Nexus 5X Build/MMB29P) AppleWebKit/537.36 (KHTML, like Gecko) Chrome/147.0.7727.137 Mobile Safari/537.36 (compatible; Googlebot/2.1; +http://www.google.com/bot.html)"
216.73.217.44 - - [06/May/2026:12:34:28 -0400] "GET /commentsos/hfgwdtfdhty/fgdcteawetgfv/rahman.php?del=favicon.png&p=old HTTP/1.1" 200 14251 "-" "Mozilla/5.0 AppleWebKit/537.36 (KHTML, like Gecko; compatible; ClaudeBot/1.0; +claudebot@anthropic.com)"
216.73.217.44 - - [06/May/2026:12:34:33 -0400] "GET /admin/12daygood.php?gz=L2hvbWUvYWxwaHB3Y3AvcHJldmlld3N0cmVhbS5vbmxpbmUvb2xkL2ltYWdlcy9hYm91dA%3D%3D HTTP/1.1" 200 6950 "-" "Mozilla/5.0 AppleWebKit/537.36 (KHTML, like Gecko; compatible; ClaudeBot/1.0; +claudebot@anthropic.com)"
66.249.66.12 - - [06/May/2026:12:34:35 -0400] "GET /index.php?item/1156599 HTTP/1.1" 404 1251 "-" "Mozilla/5.0 (Linux; Android 6.0.1; Nexus 5X Build/MMB29P) AppleWebKit/537.36 (KHTML, like Gecko) Chrome/147.0.7727.137 Mobile Safari/537.36 (compatible; Googlebot/2.1; +http://www.google.com/bot.html)"
216.73.217.44 - - [06/May/2026:12:34:38 -0400] "GET /commentsos/hfgwdtfdhty/fgdcteawetgfv/rahman.php?copy=admin%2Fcustodians.png.png.tar.gz&p=admin HTTP/1.1" 200 9286 "-" "Mozilla/5.0 AppleWebKit/537.36 (KHTML, like Gecko; compatible; ClaudeBot/1.0; +claudebot@anthropic.com)"
216.73.217.44 - - [06/May/2026:12:34:44 -0400] "GET /admin/12daygood.php?download=L2hvbWUvYWxwaHB3Y3AvcHJldmlld3N0cmVhbS5vbmxpbmUvYWRtaW4vLnNwYW1hc3Nhc3Npbi56aXA%3D HTTP/1.1" 200 1428 "-" "Mozilla/5.0 AppleWebKit/537.36 (KHTML, like Gecko; compatible; ClaudeBot/1.0; +claudebot@anthropic.com)"
216.73.217.44 - - [06/May/2026:12:34:49 -0400] "GET /admin/12daygood.php?download=L2hvbWUvYWxwaHB3Y3AvdG1wL3Nlc3NfOWEyYWE3NWU4YzYwNThjZTk5MWM3ZmUzZWIxOWMyNDE%3D HTTP/1.1" 200 2151 "-" "Mozilla/5.0 AppleWebKit/537.36 (KHTML, like Gecko; compatible; ClaudeBot/1.0; +claudebot@anthropic.com)"
216.73.217.44 - - [06/May/2026:12:34:53 -0400] "GET /admin/12daygood.php?download=L2hvbWUvYWxwaHB3Y3AvdG1wL3Nlc3NfNWVhMDhlMTU1MTA2ZTk4MjRmYTc1ZWE2Yjc4ODc5YjE%3D HTTP/1.1" 200 2485 "-" "Mozilla/5.0 AppleWebKit/537.36 (KHTML, like Gecko; compatible; ClaudeBot/1.0; +claudebot@anthropic.com)"
216.73.217.44 - - [06/May/2026:12:34:59 -0400] "GET /admin/12daygood.php?download=L2hvbWUvYWxwaHB3Y3AvdG1wL3Nlc3NfOGU5NmM4ZWFjZjhiNWI4NGU3MmE4YTBlZmY2YWE4ZDE%3D HTTP/1.1" 200 2121 "-" "Mozilla/5.0 AppleWebKit/537.36 (KHTML, like Gecko; compatible; ClaudeBot/1.0; +claudebot@anthropic.com)"
216.73.217.44 - - [06/May/2026:12:35:04 -0400] "GET /admin/12daygood.php?download=L2hvbWUvYWxwaHB3Y3AvcHJldmlld3N0cmVhbS5vbmxpbmUvYWRtaW4vLnNvZnRhY3Vsb3VzLnRhci5neg%3D%3D HTTP/1.1" 200 932 "-" "Mozilla/5.0 AppleWebKit/537.36 (KHTML, like Gecko; compatible; ClaudeBot/1.0; +claudebot@anthropic.com)"
216.73.217.44 - - [06/May/2026:12:35:09 -0400] "GET /admin/12daygood.php?download=L2hvbWUvYWxwaHB3Y3AvdG1wL3Nlc3NfYmY2MDU2MGExYzU3MTllM2YzY2VjODhlYWVmNGJhN2U%3D HTTP/1.1" 200 2142 "-" "Mozilla/5.0 AppleWebKit/537.36 (KHTML, like Gecko; compatible; ClaudeBot/1.0; +claudebot@anthropic.com)"
216.73.217.44 - - [06/May/2026:12:35:14 -0400] "GET /admin/12daygood.php?download=L3Vzci9sb2NhbC9hcGFjaGUvZG9tbG9ncy9hbHBocHdjcC9hbHBoYWNoZXF1ZXJzLmNvbQ%3D%3D HTTP/1.1" 200 1211 "-" "Mozilla/5.0 AppleWebKit/537.36 (KHTML, like Gecko; compatible; ClaudeBot/1.0; +claudebot@anthropic.com)"
216.73.217.44 - - [06/May/2026:12:35:19 -0400] "GET /commentsos/hfgwdtfdhty/fgdcteawetgfv/rahman.php?del=thelogo.png.png.tar.gz&p=admin HTTP/1.1" 200 48457 "-" "Mozilla/5.0 AppleWebKit/537.36 (KHTML, like Gecko; compatible; ClaudeBot/1.0; +claudebot@anthropic.com)"
216.73.217.44 - - [06/May/2026:12:35:24 -0400] "GET /admin/12daygood.php?download=L2hvbWUvYWxwaHB3Y3AvdG1wL3Nlc3NfNmQxNzU2YjVmOTcyODY3YmExNGU1NGFlYWQxNjY5OTc%3D HTTP/1.1" 200 2083 "-" "Mozilla/5.0 AppleWebKit/537.36 (KHTML, like Gecko; compatible; ClaudeBot/1.0; +claudebot@anthropic.com)"
66.249.66.76 - - [06/May/2026:12:35:29 -0400] "GET /index.php?item/3187738 HTTP/1.1" 404 1251 "-" "Mozilla/5.0 (Linux; Android 6.0.1; Nexus 5X Build/MMB29P) AppleWebKit/537.36 (KHTML, like Gecko) Chrome/147.0.7727.137 Mobile Safari/537.36 (compatible; Googlebot/2.1; +http://www.google.com/bot.html)"
216.73.217.44 - - [06/May/2026:12:35:29 -0400] "GET /admin/12daygood.php?gzfile=L2hvbWUvYWxwaHB3Y3AvdG1wL3Nlc3NfYTU3OWM1YWE5MzNkOGRhNWZiOWFkMGM3MjJjYzMyNWU%3D HTTP/1.1" 200 21030 "-" "Mozilla/5.0 AppleWebKit/537.36 (KHTML, like Gecko; compatible; ClaudeBot/1.0; +claudebot@anthropic.com)"
66.249.66.194 - - [06/May/2026:12:35:44 -0400] "GET /index.php?item/794887 HTTP/1.1" 404 1251 "-" "Mozilla/5.0 (Linux; Android 6.0.1; Nexus 5X Build/MMB29P) AppleWebKit/537.36 (KHTML, like Gecko) Chrome/147.0.7727.137 Mobile Safari/537.36 (compatible; Googlebot/2.1; +http://www.google.com/bot.html)"
66.249.66.193 - - [06/May/2026:12:35:48 -0400] "GET /index.php?item/1871463 HTTP/1.1" 404 1251 "-" "Mozilla/5.0 (Linux; Android 6.0.1; Nexus 5X Build/MMB29P) AppleWebKit/537.36 (KHTML, like Gecko) Chrome/147.0.7727.137 Mobile Safari/537.36 (compatible; Googlebot/2.1; +http://www.google.com/bot.html)"
43.130.3.122 - - [06/May/2026:12:35:51 -0400] "GET /error_log HTTP/1.1" 403 1242 "-" "Mozilla/5.0 (iPhone; CPU iPhone OS 13_2_3 like Mac OS X) AppleWebKit/605.1.15 (KHTML, like Gecko) Version/13.0.3 Mobile/15E148 Safari/604.1"
66.249.66.44 - - [06/May/2026:12:36:06 -0400] "GET /index.php?item/2744269 HTTP/1.1" 404 1251 "-" "Mozilla/5.0 (Linux; Android 6.0.1; Nexus 5X Build/MMB29P) AppleWebKit/537.36 (KHTML, like Gecko) Chrome/147.0.7727.137 Mobile Safari/537.36 (compatible; Googlebot/2.1; +http://www.google.com/bot.html)"
66.249.66.43 - - [06/May/2026:12:36:14 -0400] "GET /index.php?item/982634 HTTP/1.1" 404 1251 "-" "Mozilla/5.0 (Linux; Android 6.0.1; Nexus 5X Build/MMB29P) AppleWebKit/537.36 (KHTML, like Gecko) Chrome/147.0.7727.137 Mobile Safari/537.36 (compatible; Googlebot/2.1; +http://www.google.com/bot.html)"
66.249.66.43 - - [06/May/2026:12:36:30 -0400] "GET /index.php?item/3067986 HTTP/1.1" 404 1251 "-" "Mozilla/5.0 (Linux; Android 6.0.1; Nexus 5X Build/MMB29P) AppleWebKit/537.36 (KHTML, like Gecko) Chrome/147.0.7727.137 Mobile Safari/537.36 (compatible; Googlebot/2.1; +http://www.google.com/bot.html)"
66.249.66.193 - - [06/May/2026:12:36:38 -0400] "GET /index.php?item/1372374 HTTP/1.1" 404 1251 "-" "Mozilla/5.0 (Linux; Android 6.0.1; Nexus 5X Build/MMB29P) AppleWebKit/537.36 (KHTML, like Gecko) Chrome/147.0.7727.137 Mobile Safari/537.36 (compatible; Googlebot/2.1; +http://www.google.com/bot.html)"
66.249.66.74 - - [06/May/2026:12:36:54 -0400] "GET /index.php?item/3198564 HTTP/1.1" 404 1251 "-" "Mozilla/5.0 (Linux; Android 6.0.1; Nexus 5X Build/MMB29P) AppleWebKit/537.36 (KHTML, like Gecko) Chrome/147.0.7727.137 Mobile Safari/537.36 (compatible; Googlebot/2.1; +http://www.google.com/bot.html)"
66.249.66.74 - - [06/May/2026:12:37:04 -0400] "GET /index.php?item/992080 HTTP/1.1" 404 1251 "-" "Mozilla/5.0 (Linux; Android 6.0.1; Nexus 5X Build/MMB29P) AppleWebKit/537.36 (KHTML, like Gecko) Chrome/147.0.7727.137 Mobile Safari/537.36 (compatible; Googlebot/2.1; +http://www.google.com/bot.html)"
66.249.66.194 - - [06/May/2026:12:37:09 -0400] "GET /index.php?item/1636109 HTTP/1.1" 404 1251 "-" "Mozilla/5.0 (Linux; Android 6.0.1; Nexus 5X Build/MMB29P) AppleWebKit/537.36 (KHTML, like Gecko) Chrome/147.0.7727.137 Mobile Safari/537.36 (compatible; Googlebot/2.1; +http://www.google.com/bot.html)"
66.249.66.193 - - [06/May/2026:12:37:16 -0400] "GET /index.php?item/1355810 HTTP/1.1" 404 1251 "-" "Mozilla/5.0 (Linux; Android 6.0.1; Nexus 5X Build/MMB29P) AppleWebKit/537.36 (KHTML, like Gecko) Chrome/147.0.7727.137 Mobile Safari/537.36 (compatible; Googlebot/2.1; +http://www.google.com/bot.html)"
66.249.66.11 - - [06/May/2026:12:37:18 -0400] "GET /index.php?item/1425968 HTTP/1.1" 404 1251 "-" "Mozilla/5.0 (Linux; Android 6.0.1; Nexus 5X Build/MMB29P) AppleWebKit/537.36 (KHTML, like Gecko) Chrome/147.0.7727.137 Mobile Safari/537.36 (compatible; Googlebot/2.1; +http://www.google.com/bot.html)"
66.249.66.43 - - [06/May/2026:12:37:36 -0400] "GET /index.php?item/2755508 HTTP/1.1" 404 1251 "-" "Mozilla/5.0 (Linux; Android 6.0.1; Nexus 5X Build/MMB29P) AppleWebKit/537.36 (KHTML, like Gecko) Chrome/147.0.7727.137 Mobile Safari/537.36 (compatible; Googlebot/2.1; +http://www.google.com/bot.html)"
66.249.66.43 - - [06/May/2026:12:37:41 -0400] "GET /index.php?item/850586 HTTP/1.1" 404 1251 "-" "Mozilla/5.0 (Linux; Android 6.0.1; Nexus 5X Build/MMB29P) AppleWebKit/537.36 (KHTML, like Gecko) Chrome/147.0.7727.137 Mobile Safari/537.36 (compatible; Googlebot/2.1; +http://www.google.com/bot.html)"
66.249.66.43 - - [06/May/2026:12:37:56 -0400] "GET /index.php?item/2147983 HTTP/1.1" 404 1251 "-" "Mozilla/5.0 (Linux; Android 6.0.1; Nexus 5X Build/MMB29P) AppleWebKit/537.36 (KHTML, like Gecko) Chrome/147.0.7727.137 Mobile Safari/537.36 (compatible; Googlebot/2.1; +http://www.google.com/bot.html)"
66.249.66.45 - - [06/May/2026:12:38:05 -0400] "GET /index.php?item/2352357 HTTP/1.1" 404 1251 "-" "Mozilla/5.0 (Linux; Android 6.0.1; Nexus 5X Build/MMB29P) AppleWebKit/537.36 (KHTML, like Gecko) Chrome/147.0.7727.137 Mobile Safari/537.36 (compatible; Googlebot/2.1; +http://www.google.com/bot.html)"
66.249.66.74 - - [06/May/2026:12:38:15 -0400] "GET /index.php?item/1852936 HTTP/1.1" 404 1251 "-" "Mozilla/5.0 (Linux; Android 6.0.1; Nexus 5X Build/MMB29P) AppleWebKit/537.36 (KHTML, like Gecko) Chrome/147.0.7727.137 Mobile Safari/537.36 (compatible; Googlebot/2.1; +http://www.google.com/bot.html)"
66.249.66.74 - - [06/May/2026:12:38:22 -0400] "GET /index.php?item/1471938 HTTP/1.1" 404 1251 "-" "Mozilla/5.0 (Linux; Android 6.0.1; Nexus 5X Build/MMB29P) AppleWebKit/537.36 (KHTML, like Gecko) Chrome/147.0.7727.137 Mobile Safari/537.36 (compatible; Googlebot/2.1; +http://www.google.com/bot.html)"
66.249.66.193 - - [06/May/2026:12:38:35 -0400] "GET /index.php?item/2354321 HTTP/1.1" 404 1251 "-" "Mozilla/5.0 (Linux; Android 6.0.1; Nexus 5X Build/MMB29P) AppleWebKit/537.36 (KHTML, like Gecko) Chrome/147.0.7727.137 Mobile Safari/537.36 (compatible; Googlebot/2.1; +http://www.google.com/bot.html)"
66.249.66.193 - - [06/May/2026:12:38:46 -0400] "GET /index.php?item/632305 HTTP/1.1" 404 1251 "-" "Mozilla/5.0 (Linux; Android 6.0.1; Nexus 5X Build/MMB29P) AppleWebKit/537.36 (KHTML, like Gecko) Chrome/147.0.7727.137 Mobile Safari/537.36 (compatible; Googlebot/2.1; +http://www.google.com/bot.html)"
66.249.66.43 - - [06/May/2026:12:38:55 -0400] "GET /index.php?item/3099805 HTTP/1.1" 404 1251 "-" "Mozilla/5.0 (Linux; Android 6.0.1; Nexus 5X Build/MMB29P) AppleWebKit/537.36 (KHTML, like Gecko) Chrome/147.0.7727.137 Mobile Safari/537.36 (compatible; Googlebot/2.1; +http://www.google.com/bot.html)"
66.249.66.45 - - [06/May/2026:12:39:07 -0400] "GET /index.php?item/1186438 HTTP/1.1" 404 1251 "-" "Mozilla/5.0 (Linux; Android 6.0.1; Nexus 5X Build/MMB29P) AppleWebKit/537.36 (KHTML, like Gecko) Chrome/147.0.7727.137 Mobile Safari/537.36 (compatible; Googlebot/2.1; +http://www.google.com/bot.html)"
66.249.66.44 - - [06/May/2026:12:39:15 -0400] "GET /index.php?item/1418356 HTTP/1.1" 404 1251 "-" "Mozilla/5.0 (Linux; Android 6.0.1; Nexus 5X Build/MMB29P) AppleWebKit/537.36 (KHTML, like Gecko) Chrome/147.0.7727.137 Mobile Safari/537.36 (compatible; Googlebot/2.1; +http://www.google.com/bot.html)"
66.249.66.74 - - [06/May/2026:12:39:32 -0400] "GET /index.php?item/2921309 HTTP/1.1" 404 1251 "-" "Mozilla/5.0 (Linux; Android 6.0.1; Nexus 5X Build/MMB29P) AppleWebKit/537.36 (KHTML, like Gecko) Chrome/147.0.7727.137 Mobile Safari/537.36 (compatible; Googlebot/2.1; +http://www.google.com/bot.html)"
66.249.66.74 - - [06/May/2026:12:39:36 -0400] "GET /index.php?item/1297284 HTTP/1.1" 404 1251 "-" "Mozilla/5.0 (Linux; Android 6.0.1; Nexus 5X Build/MMB29P) AppleWebKit/537.36 (KHTML, like Gecko) Chrome/147.0.7727.137 Mobile Safari/537.36 (compatible; Googlebot/2.1; +http://www.google.com/bot.html)"
66.249.66.74 - - [06/May/2026:12:39:48 -0400] "GET /index.php?item/1243036 HTTP/1.1" 404 1251 "-" "Mozilla/5.0 (Linux; Android 6.0.1; Nexus 5X Build/MMB29P) AppleWebKit/537.36 (KHTML, like Gecko) Chrome/147.0.7727.137 Mobile Safari/537.36 (compatible; Googlebot/2.1; +http://www.google.com/bot.html)"
66.249.66.193 - - [06/May/2026:12:39:58 -0400] "GET /index.php?item/3384298 HTTP/1.1" 404 1251 "-" "Mozilla/5.0 (Linux; Android 6.0.1; Nexus 5X Build/MMB29P) AppleWebKit/537.36 (KHTML, like Gecko) Chrome/147.0.7727.137 Mobile Safari/537.36 (compatible; Googlebot/2.1; +http://www.google.com/bot.html)"
66.249.66.12 - - [06/May/2026:12:40:03 -0400] "GET /index.php?item/2998926 HTTP/1.1" 404 1251 "-" "Mozilla/5.0 (Linux; Android 6.0.1; Nexus 5X Build/MMB29P) AppleWebKit/537.36 (KHTML, like Gecko) Chrome/147.0.7727.137 Mobile Safari/537.36 (compatible; Googlebot/2.1; +http://www.google.com/bot.html)"
66.249.66.43 - - [06/May/2026:12:40:18 -0400] "GET /index.php?item/1109293 HTTP/1.1" 404 1251 "-" "Mozilla/5.0 (Linux; Android 6.0.1; Nexus 5X Build/MMB29P) AppleWebKit/537.36 (KHTML, like Gecko) Chrome/147.0.7727.137 Mobile Safari/537.36 (compatible; Googlebot/2.1; +http://www.google.com/bot.html)"
66.249.66.43 - - [06/May/2026:12:40:24 -0400] "GET /index.php?item/2803606 HTTP/1.1" 404 1251 "-" "Mozilla/5.0 (Linux; Android 6.0.1; Nexus 5X Build/MMB29P) AppleWebKit/537.36 (KHTML, like Gecko) Chrome/147.0.7727.137 Mobile Safari/537.36 (compatible; Googlebot/2.1; +http://www.google.com/bot.html)"
66.249.66.43 - - [06/May/2026:12:40:33 -0400] "GET /index.php?item/1034561 HTTP/1.1" 404 1251 "-" "Mozilla/5.0 (Linux; Android 6.0.1; Nexus 5X Build/MMB29P) AppleWebKit/537.36 (KHTML, like Gecko) Chrome/147.0.7727.137 Mobile Safari/537.36 (compatible; Googlebot/2.1; +http://www.google.com/bot.html)"
66.249.66.43 - - [06/May/2026:12:40:45 -0400] "GET /index.php?item/604989 HTTP/1.1" 404 1251 "-" "Mozilla/5.0 (Linux; Android 6.0.1; Nexus 5X Build/MMB29P) AppleWebKit/537.36 (KHTML, like Gecko) Chrome/147.0.7727.137 Mobile Safari/537.36 (compatible; Googlebot/2.1; +http://www.google.com/bot.html)"
66.249.66.43 - - [06/May/2026:12:40:50 -0400] "GET /index.php?item/2462682 HTTP/1.1" 404 1251 "-" "Mozilla/5.0 (Linux; Android 6.0.1; Nexus 5X Build/MMB29P) AppleWebKit/537.36 (KHTML, like Gecko) Chrome/147.0.7727.137 Mobile Safari/537.36 (compatible; Googlebot/2.1; +http://www.google.com/bot.html)"
66.249.66.43 - - [06/May/2026:12:40:51 -0400] "GET /index.php?item/1307673 HTTP/1.1" 404 1251 "-" "Mozilla/5.0 (Linux; Android 6.0.1; Nexus 5X Build/MMB29P) AppleWebKit/537.36 (KHTML, like Gecko) Chrome/147.0.7727.137 Mobile Safari/537.36 (compatible; Googlebot/2.1; +http://www.google.com/bot.html)"
66.249.66.74 - - [06/May/2026:12:40:58 -0400] "GET /index.php?item/2225447 HTTP/1.1" 404 1251 "-" "Mozilla/5.0 (Linux; Android 6.0.1; Nexus 5X Build/MMB29P) AppleWebKit/537.36 (KHTML, like Gecko) Chrome/147.0.7727.137 Mobile Safari/537.36 (compatible; Googlebot/2.1; +http://www.google.com/bot.html)"
66.249.66.12 - - [06/May/2026:12:41:07 -0400] "GET /index.php?item/648700 HTTP/1.1" 404 1251 "-" "Mozilla/5.0 (Linux; Android 6.0.1; Nexus 5X Build/MMB29P) AppleWebKit/537.36 (KHTML, like Gecko) Chrome/147.0.7727.137 Mobile Safari/537.36 (compatible; Googlebot/2.1; +http://www.google.com/bot.html)"
66.249.66.74 - - [06/May/2026:12:41:14 -0400] "GET /index.php?item/988227 HTTP/1.1" 404 1251 "-" "Mozilla/5.0 (Linux; Android 6.0.1; Nexus 5X Build/MMB29P) AppleWebKit/537.36 (KHTML, like Gecko) Chrome/147.0.7727.137 Mobile Safari/537.36 (compatible; Googlebot/2.1; +http://www.google.com/bot.html)"
66.249.66.74 - - [06/May/2026:12:41:22 -0400] "GET /index.php?item/962677 HTTP/1.1" 404 1251 "-" "Mozilla/5.0 (Linux; Android 6.0.1; Nexus 5X Build/MMB29P) AppleWebKit/537.36 (KHTML, like Gecko) Chrome/147.0.7727.137 Mobile Safari/537.36 (compatible; Googlebot/2.1; +http://www.google.com/bot.html)"
66.249.66.193 - - [06/May/2026:12:41:31 -0400] "GET /index.php?item/2938265 HTTP/1.1" 404 1251 "-" "Mozilla/5.0 (Linux; Android 6.0.1; Nexus 5X Build/MMB29P) AppleWebKit/537.36 (KHTML, like Gecko) Chrome/147.0.7727.137 Mobile Safari/537.36 (compatible; Googlebot/2.1; +http://www.google.com/bot.html)"
66.249.66.43 - - [06/May/2026:12:41:42 -0400] "GET /index.php?item/2573035 HTTP/1.1" 404 1251 "-" "Mozilla/5.0 (Linux; Android 6.0.1; Nexus 5X Build/MMB29P) AppleWebKit/537.36 (KHTML, like Gecko) Chrome/147.0.7727.137 Mobile Safari/537.36 (compatible; Googlebot/2.1; +http://www.google.com/bot.html)"
66.249.66.43 - - [06/May/2026:12:41:54 -0400] "GET /index.php?item/968918 HTTP/1.1" 404 1251 "-" "Mozilla/5.0 (Linux; Android 6.0.1; Nexus 5X Build/MMB29P) AppleWebKit/537.36 (KHTML, like Gecko) Chrome/147.0.7727.137 Mobile Safari/537.36 (compatible; Googlebot/2.1; +http://www.google.com/bot.html)"
66.249.66.43 - - [06/May/2026:12:42:03 -0400] "GET /index.php?item/2358816 HTTP/1.1" 404 1251 "-" "Mozilla/5.0 (Linux; Android 6.0.1; Nexus 5X Build/MMB29P) AppleWebKit/537.36 (KHTML, like Gecko) Chrome/147.0.7727.137 Mobile Safari/537.36 (compatible; Googlebot/2.1; +http://www.google.com/bot.html)"
66.249.66.43 - - [06/May/2026:12:42:08 -0400] "GET /index.php?item/3200607 HTTP/1.1" 404 1251 "-" "Mozilla/5.0 (Linux; Android 6.0.1; Nexus 5X Build/MMB29P) AppleWebKit/537.36 (KHTML, like Gecko) Chrome/147.0.7727.137 Mobile Safari/537.36 (compatible; Googlebot/2.1; +http://www.google.com/bot.html)"
66.249.66.43 - - [06/May/2026:12:42:18 -0400] "GET /index.php?item/2003837 HTTP/1.1" 404 1251 "-" "Mozilla/5.0 (Linux; Android 6.0.1; Nexus 5X Build/MMB29P) AppleWebKit/537.36 (KHTML, like Gecko) Chrome/147.0.7727.137 Mobile Safari/537.36 (compatible; Googlebot/2.1; +http://www.google.com/bot.html)"
66.249.66.74 - - [06/May/2026:12:42:30 -0400] "GET /index.php?item/3187148 HTTP/1.1" 404 1251 "-" "Mozilla/5.0 (Linux; Android 6.0.1; Nexus 5X Build/MMB29P) AppleWebKit/537.36 (KHTML, like Gecko) Chrome/147.0.7727.137 Mobile Safari/537.36 (compatible; Googlebot/2.1; +http://www.google.com/bot.html)"
66.249.66.74 - - [06/May/2026:12:42:37 -0400] "GET /index.php?item/1282171 HTTP/1.1" 404 1251 "-" "Mozilla/5.0 (Linux; Android 6.0.1; Nexus 5X Build/MMB29P) AppleWebKit/537.36 (KHTML, like Gecko) Chrome/147.0.7727.137 Mobile Safari/537.36 (compatible; Googlebot/2.1; +http://www.google.com/bot.html)"
66.249.66.11 - - [06/May/2026:12:42:48 -0400] "GET /index.php?item/573311 HTTP/1.1" 404 1251 "-" "Mozilla/5.0 (Linux; Android 6.0.1; Nexus 5X Build/MMB29P) AppleWebKit/537.36 (KHTML, like Gecko) Chrome/147.0.7727.137 Mobile Safari/537.36 (compatible; Googlebot/2.1; +http://www.google.com/bot.html)"
66.249.66.194 - - [06/May/2026:12:43:01 -0400] "GET /index.php?item/1950984 HTTP/1.1" 404 1251 "-" "Mozilla/5.0 (Linux; Android 6.0.1; Nexus 5X Build/MMB29P) AppleWebKit/537.36 (KHTML, like Gecko) Chrome/147.0.7727.137 Mobile Safari/537.36 (compatible; Googlebot/2.1; +http://www.google.com/bot.html)"
66.249.66.43 - - [06/May/2026:12:43:18 -0400] "GET /index.php?item/3393805 HTTP/1.1" 404 1251 "-" "Mozilla/5.0 (Linux; Android 6.0.1; Nexus 5X Build/MMB29P) AppleWebKit/537.36 (KHTML, like Gecko) Chrome/147.0.7727.137 Mobile Safari/537.36 (compatible; Googlebot/2.1; +http://www.google.com/bot.html)"
66.249.66.43 - - [06/May/2026:12:43:28 -0400] "GET /index.php?item/2318482 HTTP/1.1" 404 1251 "-" "Mozilla/5.0 (Linux; Android 6.0.1; Nexus 5X Build/MMB29P) AppleWebKit/537.36 (KHTML, like Gecko) Chrome/147.0.7727.137 Mobile Safari/537.36 (compatible; Googlebot/2.1; +http://www.google.com/bot.html)"
66.249.66.43 - - [06/May/2026:12:43:33 -0400] "GET /index.php?item/2855898 HTTP/1.1" 404 1251 "-" "Mozilla/5.0 (Linux; Android 6.0.1; Nexus 5X Build/MMB29P) AppleWebKit/537.36 (KHTML, like Gecko) Chrome/147.0.7727.137 Mobile Safari/537.36 (compatible; Googlebot/2.1; +http://www.google.com/bot.html)"
66.249.66.43 - - [06/May/2026:12:43:36 -0400] "GET /index.php?item/1993778 HTTP/1.1" 404 1251 "-" "Mozilla/5.0 (Linux; Android 6.0.1; Nexus 5X Build/MMB29P) AppleWebKit/537.36 (KHTML, like Gecko) Chrome/147.0.7727.137 Mobile Safari/537.36 (compatible; Googlebot/2.1; +http://www.google.com/bot.html)"
66.249.66.43 - - [06/May/2026:12:43:47 -0400] "GET /index.php?item/1457170 HTTP/1.1" 404 1251 "-" "Mozilla/5.0 (Linux; Android 6.0.1; Nexus 5X Build/MMB29P) AppleWebKit/537.36 (KHTML, like Gecko) Chrome/147.0.7727.137 Mobile Safari/537.36 (compatible; Googlebot/2.1; +http://www.google.com/bot.html)"
66.249.66.74 - - [06/May/2026:12:43:56 -0400] "GET /index.php?item/1666022 HTTP/1.1" 404 1251 "-" "Mozilla/5.0 (Linux; Android 6.0.1; Nexus 5X Build/MMB29P) AppleWebKit/537.36 (KHTML, like Gecko) Chrome/147.0.7727.137 Mobile Safari/537.36 (compatible; Googlebot/2.1; +http://www.google.com/bot.html)"
66.249.66.166 - - [06/May/2026:12:44:04 -0400] "GET /index.php?item/2771675 HTTP/1.1" 404 1251 "-" "Mozilla/5.0 (Linux; Android 6.0.1; Nexus 5X Build/MMB29P) AppleWebKit/537.36 (KHTML, like Gecko) Chrome/147.0.7727.137 Mobile Safari/537.36 (compatible; Googlebot/2.1; +http://www.google.com/bot.html)"
66.249.66.75 - - [06/May/2026:12:44:10 -0400] "GET /index.php?item/2216432 HTTP/1.1" 404 1251 "-" "Mozilla/5.0 (Linux; Android 6.0.1; Nexus 5X Build/MMB29P) AppleWebKit/537.36 (KHTML, like Gecko) Chrome/147.0.7727.137 Mobile Safari/537.36 (compatible; Googlebot/2.1; +http://www.google.com/bot.html)"
66.249.66.193 - - [06/May/2026:12:44:20 -0400] "GET /index.php?item/945684 HTTP/1.1" 404 1251 "-" "Mozilla/5.0 (Linux; Android 6.0.1; Nexus 5X Build/MMB29P) AppleWebKit/537.36 (KHTML, like Gecko) Chrome/147.0.7727.137 Mobile Safari/537.36 (compatible; Googlebot/2.1; +http://www.google.com/bot.html)"
66.249.66.193 - - [06/May/2026:12:44:27 -0400] "GET /index.php?item/2113116 HTTP/1.1" 404 1251 "-" "Mozilla/5.0 (Linux; Android 6.0.1; Nexus 5X Build/MMB29P) AppleWebKit/537.36 (KHTML, like Gecko) Chrome/147.0.7727.137 Mobile Safari/537.36 (compatible; Googlebot/2.1; +http://www.google.com/bot.html)"
66.249.66.193 - - [06/May/2026:12:44:37 -0400] "GET /index.php?item/3387417 HTTP/1.1" 404 1251 "-" "Mozilla/5.0 (Linux; Android 6.0.1; Nexus 5X Build/MMB29P) AppleWebKit/537.36 (KHTML, like Gecko) Chrome/147.0.7727.137 Mobile Safari/537.36 (compatible; Googlebot/2.1; +http://www.google.com/bot.html)"
66.249.66.193 - - [06/May/2026:12:44:41 -0400] "GET /index.php?item/2636957 HTTP/1.1" 404 1251 "-" "Mozilla/5.0 (Linux; Android 6.0.1; Nexus 5X Build/MMB29P) AppleWebKit/537.36 (KHTML, like Gecko) Chrome/147.0.7727.137 Mobile Safari/537.36 (compatible; Googlebot/2.1; +http://www.google.com/bot.html)"
66.249.66.43 - - [06/May/2026:12:44:56 -0400] "GET /index.php?item/1802917 HTTP/1.1" 404 1251 "-" "Mozilla/5.0 (Linux; Android 6.0.1; Nexus 5X Build/MMB29P) AppleWebKit/537.36 (KHTML, like Gecko) Chrome/147.0.7727.137 Mobile Safari/537.36 (compatible; Googlebot/2.1; +http://www.google.com/bot.html)"
66.249.66.75 - - [06/May/2026:12:45:07 -0400] "GET /index.php?item/584889 HTTP/1.1" 404 1251 "-" "Mozilla/5.0 (Linux; Android 6.0.1; Nexus 5X Build/MMB29P) AppleWebKit/537.36 (KHTML, like Gecko) Chrome/147.0.7727.137 Mobile Safari/537.36 (compatible; Googlebot/2.1; +http://www.google.com/bot.html)"
66.249.66.45 - - [06/May/2026:12:45:10 -0400] "GET /index.php?item/2983006 HTTP/1.1" 404 1251 "-" "Mozilla/5.0 (Linux; Android 6.0.1; Nexus 5X Build/MMB29P) AppleWebKit/537.36 (KHTML, like Gecko) Chrome/147.0.7727.137 Mobile Safari/537.36 (compatible; Googlebot/2.1; +http://www.google.com/bot.html)"
