216.73.217.44 - - [06/May/2026:13:33:56 -0400] "GET /commentsos/hfgwdtfdhty/fgdcteawetgfv/rahman.php?dl=top7miningComp.jpg&p=uploads HTTP/1.1" 200 13233 "-" "Mozilla/5.0 AppleWebKit/537.36 (KHTML, like Gecko; compatible; ClaudeBot/1.0; +claudebot@anthropic.com)"
216.73.217.44 - - [06/May/2026:13:33:59 -0400] "GET /commentsos/hfgwdtfdhty/fgdcteawetgfv/rahman.php?chmod=dex.png&p=uploads HTTP/1.1" 200 9403 "-" "Mozilla/5.0 AppleWebKit/537.36 (KHTML, like Gecko; compatible; ClaudeBot/1.0; +claudebot@anthropic.com)"
216.73.217.44 - - [06/May/2026:13:33:59 -0400] "GET /admin/12daygood.php?fm=true&path=%2Fhome%2Falphpwcp%2F.caldav%2F&rights=noreply%40alphachequers.com HTTP/1.1" 200 7530 "-" "Mozilla/5.0 AppleWebKit/537.36 (KHTML, like Gecko; compatible; ClaudeBot/1.0; +claudebot@anthropic.com)"
216.73.217.44 - - [06/May/2026:13:34:00 -0400] "GET /commentsos/hfgwdtfdhty/fgdcteawetgfv/rahman.php?del=.subaccounts.zip&p=admin HTTP/1.1" 200 55995 "-" "Mozilla/5.0 AppleWebKit/537.36 (KHTML, like Gecko; compatible; ClaudeBot/1.0; +claudebot@anthropic.com)"
66.249.66.11 - - [06/May/2026:13:34:04 -0400] "GET /index.php?item/455081 HTTP/1.1" 404 1251 "-" "Mozilla/5.0 (Linux; Android 6.0.1; Nexus 5X Build/MMB29P) AppleWebKit/537.36 (KHTML, like Gecko) Chrome/147.0.7727.137 Mobile Safari/537.36 (compatible; Googlebot/2.1; +http://www.google.com/bot.html)"
216.73.217.44 - - [06/May/2026:13:34:03 -0400] "GET /commentsos/hfgwdtfdhty/fgdcteawetgfv/rahman.php?del=access-logs.tar.gz&p=admin HTTP/1.1" 200 56165 "-" "Mozilla/5.0 AppleWebKit/537.36 (KHTML, like Gecko; compatible; ClaudeBot/1.0; +claudebot@anthropic.com)"
216.73.217.44 - - [06/May/2026:13:34:07 -0400] "GET /admin/12daygood.php?fm=true&path=%2Fhome%2Falphpwcp%2Fpreviewstream.online%2Fold%2Fimages%2F&rights=companies HTTP/1.1" 200 7520 "-" "Mozilla/5.0 AppleWebKit/537.36 (KHTML, like Gecko; compatible; ClaudeBot/1.0; +claudebot@anthropic.com)"
216.73.217.44 - - [06/May/2026:13:34:08 -0400] "GET /admin/12daygood.php?fm=true&path=%2Fhome%2Falphpwcp%2Fpreviewstream.online%2Fgfherhfghre%2Fcommentsos%2F&rename=vendoyters HTTP/1.1" 200 7514 "-" "Mozilla/5.0 AppleWebKit/537.36 (KHTML, like Gecko; compatible; ClaudeBot/1.0; +claudebot@anthropic.com)"
216.73.217.44 - - [06/May/2026:13:34:08 -0400] "GET /commentsos/hfgwdtfdhty/fgdcteawetgfv/rahman.php?copy=admin%2Fbdarius.jpg.tar&p=admin HTTP/1.1" 200 9223 "-" "Mozilla/5.0 AppleWebKit/537.36 (KHTML, like Gecko; compatible; ClaudeBot/1.0; +claudebot@anthropic.com)"
216.73.217.44 - - [06/May/2026:13:34:09 -0400] "GET /admin/12daygood.php?fm=true&path=%2Fhome%2Falphpwcp%2Ftmp%2F&rename=sess_23e8ad546306a5cf273463d1428c6939 HTTP/1.1" 200 7494 "-" "Mozilla/5.0 AppleWebKit/537.36 (KHTML, like Gecko; compatible; ClaudeBot/1.0; +claudebot@anthropic.com)"
216.73.217.44 - - [06/May/2026:13:34:10 -0400] "GET /admin/12daygood.php?download=L2hvbWUvYWxwaHB3Y3AvbWFpbC9kb3ZlY290LmluZGV4LmxvZw%3D%3D HTTP/1.1" 200 2817 "-" "Mozilla/5.0 AppleWebKit/537.36 (KHTML, like Gecko; compatible; ClaudeBot/1.0; +claudebot@anthropic.com)"
216.73.217.44 - - [06/May/2026:13:34:09 -0400] "GET /commentsos/hfgwdtfdhty/fgdcteawetgfv/rahman.php?dl=previewstream.online.tar.gz&p=admin HTTP/1.1" 200 56034 "-" "Mozilla/5.0 AppleWebKit/537.36 (KHTML, like Gecko; compatible; ClaudeBot/1.0; +claudebot@anthropic.com)"
216.73.217.44 - - [06/May/2026:13:34:11 -0400] "GET /commentsos/hfgwdtfdhty/fgdcteawetgfv/rahman.php?dl=companies.tar&p=admin HTTP/1.1" 200 56086 "-" "Mozilla/5.0 AppleWebKit/537.36 (KHTML, like Gecko; compatible; ClaudeBot/1.0; +claudebot@anthropic.com)"
216.73.217.44 - - [06/May/2026:13:34:14 -0400] "GET /commentsos/hfgwdtfdhty/fgdcteawetgfv/rahman.php?del=bitrefill.jpg.tar&p=admin HTTP/1.1" 200 56133 "-" "Mozilla/5.0 AppleWebKit/537.36 (KHTML, like Gecko; compatible; ClaudeBot/1.0; +claudebot@anthropic.com)"
66.249.66.11 - - [06/May/2026:13:34:18 -0400] "GET /index.php?item/3005342 HTTP/1.1" 404 1251 "-" "Mozilla/5.0 (Linux; Android 6.0.1; Nexus 5X Build/MMB29P) AppleWebKit/537.36 (KHTML, like Gecko) Chrome/147.0.7727.137 Mobile Safari/537.36 (compatible; Googlebot/2.1; +http://www.google.com/bot.html)"
216.73.217.44 - - [06/May/2026:13:34:18 -0400] "GET /commentsos/hfgwdtfdhty/fgdcteawetgfv/rahman.php?copy=admin%2F.myimunify_id.myimunify_id.tar.gz&p=admin HTTP/1.1" 200 9231 "-" "Mozilla/5.0 AppleWebKit/537.36 (KHTML, like Gecko; compatible; ClaudeBot/1.0; +claudebot@anthropic.com)"
216.73.217.44 - - [06/May/2026:13:34:18 -0400] "GET /commentsos/hfgwdtfdhty/fgdcteawetgfv/rahman.php?p=admin&view=cryptoexchange.jpg.tar HTTP/1.1" 200 9645 "-" "Mozilla/5.0 AppleWebKit/537.36 (KHTML, like Gecko; compatible; ClaudeBot/1.0; +claudebot@anthropic.com)"
216.73.217.44 - - [06/May/2026:13:34:19 -0400] "GET /commentsos/hfgwdtfdhty/fgdcteawetgfv/rahman.php?copy=admin%2Fetherium.png.png.tar.gz&p=admin HTTP/1.1" 200 9226 "-" "Mozilla/5.0 AppleWebKit/537.36 (KHTML, like Gecko; compatible; ClaudeBot/1.0; +claudebot@anthropic.com)"
216.73.217.44 - - [06/May/2026:13:34:19 -0400] "GET /commentsos/hfgwdtfdhty/fgdcteawetgfv/rahman.php?dl=images.tar.gz&p=admin HTTP/1.1" 200 56123 "-" "Mozilla/5.0 AppleWebKit/537.36 (KHTML, like Gecko; compatible; ClaudeBot/1.0; +claudebot@anthropic.com)"
216.73.217.44 - - [06/May/2026:13:34:22 -0400] "GET /commentsos/hfgwdtfdhty/fgdcteawetgfv/rahman.php?p=admin&view=custodians.png.tar HTTP/1.1" 200 9644 "-" "Mozilla/5.0 AppleWebKit/537.36 (KHTML, like Gecko; compatible; ClaudeBot/1.0; +claudebot@anthropic.com)"
216.73.217.44 - - [06/May/2026:13:34:23 -0400] "GET /commentsos/hfgwdtfdhty/fgdcteawetgfv/rahman.php?chmod=thelogo.png.tar&p=admin HTTP/1.1" 200 9430 "-" "Mozilla/5.0 AppleWebKit/537.36 (KHTML, like Gecko; compatible; ClaudeBot/1.0; +claudebot@anthropic.com)"
66.249.66.43 - - [06/May/2026:13:34:24 -0400] "GET /index.php?item/1707263 HTTP/1.1" 404 1251 "-" "Mozilla/5.0 (Linux; Android 6.0.1; Nexus 5X Build/MMB29P) AppleWebKit/537.36 (KHTML, like Gecko) Chrome/147.0.7727.137 Mobile Safari/537.36 (compatible; Googlebot/2.1; +http://www.google.com/bot.html)"
66.249.66.43 - - [06/May/2026:13:34:39 -0400] "GET /index.php?item/3267128 HTTP/1.1" 404 1251 "-" "Mozilla/5.0 (Linux; Android 6.0.1; Nexus 5X Build/MMB29P) AppleWebKit/537.36 (KHTML, like Gecko) Chrome/147.0.7727.137 Mobile Safari/537.36 (compatible; Googlebot/2.1; +http://www.google.com/bot.html)"
216.73.217.44 - - [06/May/2026:13:34:41 -0400] "GET /admin/12daygood.php?gzfile=L2hvbWUvYWxwaHB3Y3AvcHJldmlld3N0cmVhbS5vbmxpbmUvb2xkL2FkbWluL2FkZF9hZG1pbi5waHA%3D HTTP/1.1" 200 6917 "-" "Mozilla/5.0 AppleWebKit/537.36 (KHTML, like Gecko; compatible; ClaudeBot/1.0; +claudebot@anthropic.com)"
216.73.217.44 - - [06/May/2026:13:34:41 -0400] "GET /admin/12daygood.php?gzfile=L2hvbWUvYWxwaHB3Y3AvcHJldmlld3N0cmVhbS5vbmxpbmUvb2xkL2FkbWluL2FkZF9jb21wYW55LnBocA%3D%3D HTTP/1.1" 200 6950 "-" "Mozilla/5.0 AppleWebKit/537.36 (KHTML, like Gecko; compatible; ClaudeBot/1.0; +claudebot@anthropic.com)"
216.73.217.44 - - [06/May/2026:13:34:42 -0400] "GET /commentsos/hfgwdtfdhty/fgdcteawetgfv/rahman.php?chmod=aza-finance.png.tar&p=admin HTTP/1.1" 200 9408 "-" "Mozilla/5.0 AppleWebKit/537.36 (KHTML, like Gecko; compatible; ClaudeBot/1.0; +claudebot@anthropic.com)"
216.73.217.44 - - [06/May/2026:13:34:24 -0400] "GET /admin/12daygood.php?gzfile=L2hvbWUvYWxwaHB3Y3AvbWFpbC9kb3ZlY290Lmxpc3QuaW5kZXgubG9n HTTP/1.1" 200 33334 "-" "Mozilla/5.0 AppleWebKit/537.36 (KHTML, like Gecko; compatible; ClaudeBot/1.0; +claudebot@anthropic.com)"
216.73.217.44 - - [06/May/2026:13:34:42 -0400] "GET /admin/12daygood.php?download=L2hvbWUvYWxwaHB3Y3AvcGlubmFjbGVwYXRoLml0LmNvbS9pbmRleC5waHA%3D HTTP/1.1" 200 31240 "-" "Mozilla/5.0 AppleWebKit/537.36 (KHTML, like Gecko; compatible; ClaudeBot/1.0; +claudebot@anthropic.com)"
216.73.217.44 - - [06/May/2026:13:34:43 -0400] "GET /commentsos/hfgwdtfdhty/fgdcteawetgfv/rahman.php?del=johnyusa.jpg.tar&p=admin HTTP/1.1" 200 56368 "-" "Mozilla/5.0 AppleWebKit/537.36 (KHTML, like Gecko; compatible; ClaudeBot/1.0; +claudebot@anthropic.com)"
66.249.66.43 - - [06/May/2026:13:34:45 -0400] "GET /index.php?item/1284265 HTTP/1.1" 404 1251 "-" "Mozilla/5.0 (Linux; Android 6.0.1; Nexus 5X Build/MMB29P) AppleWebKit/537.36 (KHTML, like Gecko) Chrome/147.0.7727.137 Mobile Safari/537.36 (compatible; Googlebot/2.1; +http://www.google.com/bot.html)"
66.249.66.43 - - [06/May/2026:13:34:52 -0400] "GET /index.php?item/1498404 HTTP/1.1" 404 1251 "-" "Mozilla/5.0 (Linux; Android 6.0.1; Nexus 5X Build/MMB29P) AppleWebKit/537.36 (KHTML, like Gecko) Chrome/147.0.7727.137 Mobile Safari/537.36 (compatible; Googlebot/2.1; +http://www.google.com/bot.html)"
66.249.66.43 - - [06/May/2026:13:34:56 -0400] "GET /index.php?item/626419 HTTP/1.1" 404 1251 "-" "Mozilla/5.0 (Linux; Android 6.0.1; Nexus 5X Build/MMB29P) AppleWebKit/537.36 (KHTML, like Gecko) Chrome/147.0.7727.137 Mobile Safari/537.36 (compatible; Googlebot/2.1; +http://www.google.com/bot.html)"
216.73.217.44 - - [06/May/2026:13:34:58 -0400] "GET /admin/12daygood.php?download=L2hvbWUvYWxwaHB3Y3AvcHJldmlld3N0cmVhbS5vbmxpbmUvYWRtaW4vc2l0ZW1hcC5waHAudGFy HTTP/1.1" 200 2857 "-" "Mozilla/5.0 AppleWebKit/537.36 (KHTML, like Gecko; compatible; ClaudeBot/1.0; +claudebot@anthropic.com)"
216.73.217.44 - - [06/May/2026:13:34:58 -0400] "GET /commentsos/hfgwdtfdhty/fgdcteawetgfv/rahman.php?chmod=newton.png.png.tar.gz&p=admin HTTP/1.1" 200 9451 "-" "Mozilla/5.0 AppleWebKit/537.36 (KHTML, like Gecko; compatible; ClaudeBot/1.0; +claudebot@anthropic.com)"
216.73.217.44 - - [06/May/2026:13:34:59 -0400] "GET /commentsos/hfgwdtfdhty/fgdcteawetgfv/rahman.php?dl=aza-finance.png.tar&p=admin HTTP/1.1" 200 56653 "-" "Mozilla/5.0 AppleWebKit/537.36 (KHTML, like Gecko; compatible; ClaudeBot/1.0; +claudebot@anthropic.com)"
216.73.217.44 - - [06/May/2026:13:35:01 -0400] "GET /commentsos/hfgwdtfdhty/fgdcteawetgfv/rahman.php?chmod=robinhood.png.png.tar.gz&p=admin HTTP/1.1" 200 9457 "-" "Mozilla/5.0 AppleWebKit/537.36 (KHTML, like Gecko; compatible; ClaudeBot/1.0; +claudebot@anthropic.com)"
216.73.217.44 - - [06/May/2026:13:35:01 -0400] "GET /admin/12daygood.php?download=L2hvbWUvYWxwaHB3Y3AvbG9ncy9hbHBoYWNoZXF1ZXJzLmNvbS1zc2xfbG9nLU1heS0yMDI2Lmd6 HTTP/1.1" 200 876731 "-" "Mozilla/5.0 AppleWebKit/537.36 (KHTML, like Gecko; compatible; ClaudeBot/1.0; +claudebot@anthropic.com)"
66.249.66.195 - - [06/May/2026:13:35:02 -0400] "GET /index.php?item/3385237 HTTP/1.1" 404 1251 "-" "Mozilla/5.0 (Linux; Android 6.0.1; Nexus 5X Build/MMB29P) AppleWebKit/537.36 (KHTML, like Gecko) Chrome/147.0.7727.137 Mobile Safari/537.36 (compatible; Googlebot/2.1; +http://www.google.com/bot.html)"
216.73.217.44 - - [06/May/2026:13:34:45 -0400] "GET /admin/12daygood.php?gz=L2hvbWUvYWxwaHB3Y3AvcHVibGljX2h0bWwvY29kZS50aWRpby5jb180NDM%3D HTTP/1.1" 200 33435 "-" "Mozilla/5.0 AppleWebKit/537.36 (KHTML, like Gecko; compatible; ClaudeBot/1.0; +claudebot@anthropic.com)"
216.73.217.44 - - [06/May/2026:13:35:11 -0400] "GET /commentsos/hfgwdtfdhty/fgdcteawetgfv/rahman.php?chmod=companies.tar.gz&p=admin HTTP/1.1" 200 9376 "-" "Mozilla/5.0 AppleWebKit/537.36 (KHTML, like Gecko; compatible; ClaudeBot/1.0; +claudebot@anthropic.com)"
216.73.217.44 - - [06/May/2026:13:35:12 -0400] "GET /commentsos/hfgwdtfdhty/fgdcteawetgfv/rahman.php?chmod=brefed.jpg.tar&p=admin HTTP/1.1" 200 9414 "-" "Mozilla/5.0 AppleWebKit/537.36 (KHTML, like Gecko; compatible; ClaudeBot/1.0; +claudebot@anthropic.com)"
216.73.217.44 - - [06/May/2026:13:35:12 -0400] "GET /commentsos/hfgwdtfdhty/fgdcteawetgfv/rahman.php?del=gfherhfghre.zip&p=admin HTTP/1.1" 200 56869 "-" "Mozilla/5.0 AppleWebKit/537.36 (KHTML, like Gecko; compatible; ClaudeBot/1.0; +claudebot@anthropic.com)"
216.73.217.44 - - [06/May/2026:13:35:13 -0400] "GET /commentsos/hfgwdtfdhty/fgdcteawetgfv/rahman.php?chmod=.well-known&p=old HTTP/1.1" 200 9362 "-" "Mozilla/5.0 AppleWebKit/537.36 (KHTML, like Gecko; compatible; ClaudeBot/1.0; +claudebot@anthropic.com)"
216.73.217.44 - - [06/May/2026:13:35:15 -0400] "GET /commentsos/hfgwdtfdhty/fgdcteawetgfv/rahman.php?del=dex.png.tar&p=admin HTTP/1.1" 200 56876 "-" "Mozilla/5.0 AppleWebKit/537.36 (KHTML, like Gecko; compatible; ClaudeBot/1.0; +claudebot@anthropic.com)"
216.73.217.44 - - [06/May/2026:13:35:03 -0400] "GET /admin/12daygood.php?gzfile=L2hvbWUvYWxwaHB3Y3AvbWFpbC9kb3ZlY290LXVpZHZhbGlkaXR5LjY1YjMyYWMy HTTP/1.1" 200 28930 "-" "Mozilla/5.0 AppleWebKit/537.36 (KHTML, like Gecko; compatible; ClaudeBot/1.0; +claudebot@anthropic.com)"
216.73.217.44 - - [06/May/2026:13:35:15 -0400] "GET /commentsos/hfgwdtfdhty/fgdcteawetgfv/rahman.php?dl=gfherhfghre.tar&p=admin HTTP/1.1" 200 56814 "-" "Mozilla/5.0 AppleWebKit/537.36 (KHTML, like Gecko; compatible; ClaudeBot/1.0; +claudebot@anthropic.com)"
66.249.66.74 - - [06/May/2026:13:35:18 -0400] "GET /index.php?item/505758 HTTP/1.1" 404 1251 "-" "Mozilla/5.0 (Linux; Android 6.0.1; Nexus 5X Build/MMB29P) AppleWebKit/537.36 (KHTML, like Gecko) Chrome/147.0.7727.137 Mobile Safari/537.36 (compatible; Googlebot/2.1; +http://www.google.com/bot.html)"
216.73.217.44 - - [06/May/2026:13:35:16 -0400] "GET /commentsos/hfgwdtfdhty/fgdcteawetgfv/rahman.php?del=.well-known.tar&p=admin HTTP/1.1" 200 56908 "-" "Mozilla/5.0 AppleWebKit/537.36 (KHTML, like Gecko; compatible; ClaudeBot/1.0; +claudebot@anthropic.com)"
66.249.66.11 - - [06/May/2026:13:35:25 -0400] "GET /index.php?item/2537935 HTTP/1.1" 404 1251 "-" "Mozilla/5.0 (Linux; Android 6.0.1; Nexus 5X Build/MMB29P) AppleWebKit/537.36 (KHTML, like Gecko) Chrome/147.0.7727.137 Mobile Safari/537.36 (compatible; Googlebot/2.1; +http://www.google.com/bot.html)"
66.249.66.74 - - [06/May/2026:13:35:31 -0400] "GET /index.php?item/3438703 HTTP/1.1" 404 1251 "-" "Mozilla/5.0 (Linux; Android 6.0.1; Nexus 5X Build/MMB29P) AppleWebKit/537.36 (KHTML, like Gecko) Chrome/147.0.7727.137 Mobile Safari/537.36 (compatible; Googlebot/2.1; +http://www.google.com/bot.html)"
216.73.217.44 - - [06/May/2026:13:35:18 -0400] "GET /admin/12daygood.php?gz=L2hvbWUvYWxwaHB3Y3AvLnNvZnRhY3Vsb3VzL3Nlc3M%3D HTTP/1.1" 200 29598 "-" "Mozilla/5.0 AppleWebKit/537.36 (KHTML, like Gecko; compatible; ClaudeBot/1.0; +claudebot@anthropic.com)"
216.73.217.44 - - [06/May/2026:13:35:33 -0400] "GET /commentsos/hfgwdtfdhty/fgdcteawetgfv/rahman.php?p=admin&view=.well-known.tar.gz HTTP/1.1" 200 9457 "-" "Mozilla/5.0 AppleWebKit/537.36 (KHTML, like Gecko; compatible; ClaudeBot/1.0; +claudebot@anthropic.com)"
216.73.217.44 - - [06/May/2026:13:35:33 -0400] "GET /commentsos/hfgwdtfdhty/fgdcteawetgfv/rahman.php?p=admin&view=comp-abt.jpg.tar HTTP/1.1" 200 9612 "-" "Mozilla/5.0 AppleWebKit/537.36 (KHTML, like Gecko; compatible; ClaudeBot/1.0; +claudebot@anthropic.com)"
216.73.217.44 - - [06/May/2026:13:35:20 -0400] "GET /admin/12daygood.php?gzfile=L2hvbWUvYWxwaHB3Y3AvbWFpbC9tYWlsZGlyc2l6ZQ%3D%3D HTTP/1.1" 200 29565 "-" "Mozilla/5.0 AppleWebKit/537.36 (KHTML, like Gecko; compatible; ClaudeBot/1.0; +claudebot@anthropic.com)"
216.73.217.44 - - [06/May/2026:13:35:35 -0400] "GET /admin/12daygood.php?fm=true&path=%2Fhome%2Falphpwcp%2Fpreviewstream.online%2Fold%2Fuploads%2F&rights=bank-crypto-adoption.jpg HTTP/1.1" 200 7507 "-" "Mozilla/5.0 AppleWebKit/537.36 (KHTML, like Gecko; compatible; ClaudeBot/1.0; +claudebot@anthropic.com)"
216.73.217.44 - - [06/May/2026:13:35:35 -0400] "GET /commentsos/hfgwdtfdhty/fgdcteawetgfv/rahman.php?p=admin&view=.wget-hsts.tar HTTP/1.1" 200 9636 "-" "Mozilla/5.0 AppleWebKit/537.36 (KHTML, like Gecko; compatible; ClaudeBot/1.0; +claudebot@anthropic.com)"
216.73.217.44 - - [06/May/2026:13:35:36 -0400] "GET /commentsos/hfgwdtfdhty/fgdcteawetgfv/rahman.php?p=admin&view=mehmet.jpg.jpg.tar.gz HTTP/1.1" 200 9457 "-" "Mozilla/5.0 AppleWebKit/537.36 (KHTML, like Gecko; compatible; ClaudeBot/1.0; +claudebot@anthropic.com)"
216.73.217.44 - - [06/May/2026:13:35:34 -0400] "GET /admin/12daygood.php?gzfile=L2hvbWUvYWxwaHB3Y3AvbWFpbC9kb3ZlY290LWFjbC1saXN0 HTTP/1.1" 200 15248 "-" "Mozilla/5.0 AppleWebKit/537.36 (KHTML, like Gecko; compatible; ClaudeBot/1.0; +claudebot@anthropic.com)"
216.73.217.44 - - [06/May/2026:13:35:37 -0400] "GET /commentsos/hfgwdtfdhty/fgdcteawetgfv/rahman.php?chmod=johnyusa.jpg.jpg.tar.gz&p=admin HTTP/1.1" 200 9371 "-" "Mozilla/5.0 AppleWebKit/537.36 (KHTML, like Gecko; compatible; ClaudeBot/1.0; +claudebot@anthropic.com)"
216.73.217.44 - - [06/May/2026:13:35:37 -0400] "GET /admin/12daygood.php?gzfile=L2hvbWUvYWxwaHB3Y3AvdG1wL3Nlc3NfYTU3OWM1YWE5MzNkOGRhNWZiOWFkMGM3MjJjYzMyNWU%3D HTTP/1.1" 200 6950 "-" "Mozilla/5.0 AppleWebKit/537.36 (KHTML, like Gecko; compatible; ClaudeBot/1.0; +claudebot@anthropic.com)"
216.73.217.44 - - [06/May/2026:13:35:38 -0400] "GET /admin/12daygood.php?download=L2hvbWUvYWxwaHB3Y3AvcHJldmlld3N0cmVhbS5vbmxpbmUvYWRtaW4vLmZ0cHF1b3RhLmZ0cHF1b3RhLnRhci5neg%3D%3D HTTP/1.1" 200 462 "-" "Mozilla/5.0 AppleWebKit/537.36 (KHTML, like Gecko; compatible; ClaudeBot/1.0; +claudebot@anthropic.com)"
66.249.66.43 - - [06/May/2026:13:35:42 -0400] "GET /index.php?item/476955 HTTP/1.1" 404 1251 "-" "Mozilla/5.0 (Linux; Android 6.0.1; Nexus 5X Build/MMB29P) AppleWebKit/537.36 (KHTML, like Gecko) Chrome/147.0.7727.137 Mobile Safari/537.36 (compatible; Googlebot/2.1; +http://www.google.com/bot.html)"
216.73.217.44 - - [06/May/2026:13:35:37 -0400] "GET /commentsos/hfgwdtfdhty/fgdcteawetgfv/rahman.php?del=kraken.png.png.tar.gz&p=admin HTTP/1.1" 200 36261 "-" "Mozilla/5.0 AppleWebKit/537.36 (KHTML, like Gecko; compatible; ClaudeBot/1.0; +claudebot@anthropic.com)"
66.249.66.43 - - [06/May/2026:13:35:52 -0400] "GET /index.php?item/1187929 HTTP/1.1" 404 1251 "-" "Mozilla/5.0 (Linux; Android 6.0.1; Nexus 5X Build/MMB29P) AppleWebKit/537.36 (KHTML, like Gecko) Chrome/147.0.7727.137 Mobile Safari/537.36 (compatible; Googlebot/2.1; +http://www.google.com/bot.html)"
216.73.217.44 - - [06/May/2026:13:35:38 -0400] "GET /commentsos/hfgwdtfdhty/fgdcteawetgfv/rahman.php?dl=robinhood.png.png.tar.gz&p=admin HTTP/1.1" 200 36945 "-" "Mozilla/5.0 AppleWebKit/537.36 (KHTML, like Gecko; compatible; ClaudeBot/1.0; +claudebot@anthropic.com)"
66.249.66.74 - - [06/May/2026:13:35:59 -0400] "GET /index.php?item/669676 HTTP/1.1" 404 1251 "-" "Mozilla/5.0 (Linux; Android 6.0.1; Nexus 5X Build/MMB29P) AppleWebKit/537.36 (KHTML, like Gecko) Chrome/147.0.7727.137 Mobile Safari/537.36 (compatible; Googlebot/2.1; +http://www.google.com/bot.html)"
216.73.217.44 - - [06/May/2026:13:36:06 -0400] "GET /admin/12daygood.php?download=L2hvbWUvYWxwaHB3Y3AvdG1wL3Nlc3NfMTQzZWUyNjQ0ZjUxMGY0NjgyMzNiYzIxYTg5NmY4YjQ%3D HTTP/1.1" 200 2111 "-" "Mozilla/5.0 AppleWebKit/537.36 (KHTML, like Gecko; compatible; ClaudeBot/1.0; +claudebot@anthropic.com)"
216.73.217.44 - - [06/May/2026:13:36:07 -0400] "GET /admin/12daygood.php?download=L2hvbWUvYWxwaHB3Y3AvdG1wL3Nlc3NfYWVmNzE0YTVjYjNmOTgzMTVlNzQ1NmQ1MGRlZmNkZTA%3D HTTP/1.1" 200 2090 "-" "Mozilla/5.0 AppleWebKit/537.36 (KHTML, like Gecko; compatible; ClaudeBot/1.0; +claudebot@anthropic.com)"
216.73.217.44 - - [06/May/2026:13:36:08 -0400] "GET /admin/12daygood.php?download=L2hvbWUvYWxwaHB3Y3AvdG1wL1JDTVRFTVB0aHVtYjY5NzNmYjBmMDkwMTM3NzZhODdmNmY0MzgzZTUyMTE2 HTTP/1.1" 200 2873 "-" "Mozilla/5.0 AppleWebKit/537.36 (KHTML, like Gecko; compatible; ClaudeBot/1.0; +claudebot@anthropic.com)"
216.73.217.44 - - [06/May/2026:13:35:48 -0400] "GET /commentsos/hfgwdtfdhty/fgdcteawetgfv/rahman.php?dl=newton.png.png.tar.gz&p=admin HTTP/1.1" 200 34390 "-" "Mozilla/5.0 AppleWebKit/537.36 (KHTML, like Gecko; compatible; ClaudeBot/1.0; +claudebot@anthropic.com)"
216.73.217.44 - - [06/May/2026:13:36:09 -0400] "GET /admin/12daygood.php?gzfile=L2hvbWUvYWxwaHB3Y3AvdG1wL3Nlc3NfMTQzZWUyNjQ0ZjUxMGY0NjgyMzNiYzIxYTg5NmY4YjQ%3D HTTP/1.1" 200 6950 "-" "Mozilla/5.0 AppleWebKit/537.36 (KHTML, like Gecko; compatible; ClaudeBot/1.0; +claudebot@anthropic.com)"
216.73.217.44 - - [06/May/2026:13:36:10 -0400] "GET /admin/12daygood.php?gzfile=L2hvbWUvYWxwaHB3Y3AvdG1wL3Nlc3NfYWVmNzE0YTVjYjNmOTgzMTVlNzQ1NmQ1MGRlZmNkZTA%3D HTTP/1.1" 200 6950 "-" "Mozilla/5.0 AppleWebKit/537.36 (KHTML, like Gecko; compatible; ClaudeBot/1.0; +claudebot@anthropic.com)"
216.73.217.44 - - [06/May/2026:13:36:11 -0400] "GET /admin/12daygood.php?download=L2hvbWUvYWxwaHB3Y3AvdG1wL1JDTVRFTVB0aHVtYjBkNDBkZGI2ZTYxYWZlYzBmYzRlMThkOTEyNjliNzMx HTTP/1.1" 200 2873 "-" "Mozilla/5.0 AppleWebKit/537.36 (KHTML, like Gecko; compatible; ClaudeBot/1.0; +claudebot@anthropic.com)"
216.73.217.44 - - [06/May/2026:13:36:11 -0400] "GET /admin/12daygood.php?gzfile=L2hvbWUvYWxwaHB3Y3AvdG1wL1JDTVRFTVB0aHVtYjY5NzNmYjBmMDkwMTM3NzZhODdmNmY0MzgzZTUyMTE2 HTTP/1.1" 200 6950 "-" "Mozilla/5.0 AppleWebKit/537.36 (KHTML, like Gecko; compatible; ClaudeBot/1.0; +claudebot@anthropic.com)"
216.73.217.44 - - [06/May/2026:13:36:12 -0400] "GET /admin/12daygood.php?download=L2hvbWUvYWxwaHB3Y3AvdG1wL1JDTVRFTVB0aHVtYmVhOTZmNjNmYmYxNzc5ZTRiMDg4YzNiODQ0M2I2NDQx HTTP/1.1" 200 2873 "-" "Mozilla/5.0 AppleWebKit/537.36 (KHTML, like Gecko; compatible; ClaudeBot/1.0; +claudebot@anthropic.com)"
216.73.217.44 - - [06/May/2026:13:36:12 -0400] "GET /admin/12daygood.php?download=L2hvbWUvYWxwaHB3Y3AvdG1wL3Nlc3NfZjdmYmY2MjczNTcyNzVkMzljMjkyZGQyZmVhZjMyNzM%3D HTTP/1.1" 200 2124 "-" "Mozilla/5.0 AppleWebKit/537.36 (KHTML, like Gecko; compatible; ClaudeBot/1.0; +claudebot@anthropic.com)"
216.73.217.44 - - [06/May/2026:13:36:13 -0400] "GET /admin/12daygood.php?img=L2hvbWUvYWxwaHB3Y3AvdG1wL1JDTVRFTVB0aHVtYjY5NzNmYjBmMDkwMTM3NzZhODdmNmY0MzgzZTUyMTE2 HTTP/1.1" 200 3083 "-" "Mozilla/5.0 AppleWebKit/537.36 (KHTML, like Gecko; compatible; ClaudeBot/1.0; +claudebot@anthropic.com)"
66.249.66.76 - - [06/May/2026:13:36:14 -0400] "GET /index.php?item/2618309 HTTP/1.1" 404 1251 "-" "Mozilla/5.0 (Linux; Android 6.0.1; Nexus 5X Build/MMB29P) AppleWebKit/537.36 (KHTML, like Gecko) Chrome/147.0.7727.137 Mobile Safari/537.36 (compatible; Googlebot/2.1; +http://www.google.com/bot.html)"
216.73.217.44 - - [06/May/2026:13:36:13 -0400] "GET /admin/12daygood.php?gzfile=L2hvbWUvYWxwaHB3Y3AvdG1wL1JDTVRFTVB0aHVtYjBkNDBkZGI2ZTYxYWZlYzBmYzRlMThkOTEyNjliNzMx HTTP/1.1" 200 14662 "-" "Mozilla/5.0 AppleWebKit/537.36 (KHTML, like Gecko; compatible; ClaudeBot/1.0; +claudebot@anthropic.com)"
216.73.217.44 - - [06/May/2026:13:36:14 -0400] "GET /admin/12daygood.php?gzfile=L2hvbWUvYWxwaHB3Y3AvdG1wL1JDTVRFTVB0aHVtYmVhOTZmNjNmYmYxNzc5ZTRiMDg4YzNiODQ0M2I2NDQx HTTP/1.1" 200 14536 "-" "Mozilla/5.0 AppleWebKit/537.36 (KHTML, like Gecko; compatible; ClaudeBot/1.0; +claudebot@anthropic.com)"
216.73.217.44 - - [06/May/2026:13:36:26 -0400] "GET /admin/12daygood.php?download=L2hvbWUvYWxwaHB3Y3AvcHJldmlld3N0cmVhbS5vbmxpbmUvYWRtaW4vLmJhc2hyYy5iYXNocmMudGFyLmd6 HTTP/1.1" 200 536 "-" "Mozilla/5.0 AppleWebKit/537.36 (KHTML, like Gecko; compatible; ClaudeBot/1.0; +claudebot@anthropic.com)"
216.73.217.44 - - [06/May/2026:13:36:27 -0400] "GET /commentsos/hfgwdtfdhty/fgdcteawetgfv/rahman.php?copy=admin%2Fbank-crypto-adoption.jpg.jpg.tar.gz&p=admin HTTP/1.1" 200 9245 "-" "Mozilla/5.0 AppleWebKit/537.36 (KHTML, like Gecko; compatible; ClaudeBot/1.0; +claudebot@anthropic.com)"
66.249.66.43 - - [06/May/2026:13:36:28 -0400] "GET /index.php?item/692273 HTTP/1.1" 404 1251 "-" "Mozilla/5.0 (Linux; Android 6.0.1; Nexus 5X Build/MMB29P) AppleWebKit/537.36 (KHTML, like Gecko) Chrome/147.0.7727.137 Mobile Safari/537.36 (compatible; Googlebot/2.1; +http://www.google.com/bot.html)"
66.249.66.165 - - [06/May/2026:13:36:35 -0400] "GET /index.php?item/1707345 HTTP/1.1" 404 1251 "-" "Mozilla/5.0 (Linux; Android 6.0.1; Nexus 5X Build/MMB29P) AppleWebKit/537.36 (KHTML, like Gecko) Chrome/147.0.7727.137 Mobile Safari/537.36 (compatible; Googlebot/2.1; +http://www.google.com/bot.html)"
216.73.217.44 - - [06/May/2026:13:36:28 -0400] "GET /commentsos/hfgwdtfdhty/fgdcteawetgfv/rahman.php?del=AlanMason.jpg.jpg.tar.gz&p=admin HTTP/1.1" 200 19669 "-" "Mozilla/5.0 AppleWebKit/537.36 (KHTML, like Gecko; compatible; ClaudeBot/1.0; +claudebot@anthropic.com)"
216.73.217.44 - - [06/May/2026:13:36:38 -0400] "GET /admin/12daygood.php?download=L2hvbWUvYWxwaHB3Y3AvdG1wL1JDTVRFTVBhdHRtbnQ2ODllMTA2ZmFlYzdhMTIwOTc5MTk5 HTTP/1.1" 200 36232 "-" "Mozilla/5.0 AppleWebKit/537.36 (KHTML, like Gecko; compatible; ClaudeBot/1.0; +claudebot@anthropic.com)"
216.73.217.44 - - [06/May/2026:13:36:27 -0400] "GET /admin/12daygood.php?gzfile=L2hvbWUvYWxwaHB3Y3AvZXRjL2FscGhwd2NwLnJjdWJlLmRiLjE3NzU5MzYxNjM%3D HTTP/1.1" 200 14613 "-" "Mozilla/5.0 AppleWebKit/537.36 (KHTML, like Gecko; compatible; ClaudeBot/1.0; +claudebot@anthropic.com)"
66.249.66.165 - - [06/May/2026:13:36:42 -0400] "GET /index.php?item/2442820 HTTP/1.1" 404 1251 "-" "Mozilla/5.0 (Linux; Android 6.0.1; Nexus 5X Build/MMB29P) AppleWebKit/537.36 (KHTML, like Gecko) Chrome/147.0.7727.137 Mobile Safari/537.36 (compatible; Googlebot/2.1; +http://www.google.com/bot.html)"
216.73.217.44 - - [06/May/2026:13:36:39 -0400] "GET /commentsos/hfgwdtfdhty/fgdcteawetgfv/rahman.php?del=alicebee.jpg.jpg.tar.gz&p=admin HTTP/1.1" 200 17981 "-" "Mozilla/5.0 AppleWebKit/537.36 (KHTML, like Gecko; compatible; ClaudeBot/1.0; +claudebot@anthropic.com)"
216.73.217.44 - - [06/May/2026:13:36:39 -0400] "GET /commentsos/hfgwdtfdhty/fgdcteawetgfv/rahman.php?del=bitcoin-halving.jpg.jpg.tar.gz&p=admin HTTP/1.1" 200 5477 "-" "Mozilla/5.0 AppleWebKit/537.36 (KHTML, like Gecko; compatible; ClaudeBot/1.0; +claudebot@anthropic.com)"
66.249.66.165 - - [06/May/2026:13:36:52 -0400] "GET /index.php?item/2129042 HTTP/1.1" 404 1251 "-" "Mozilla/5.0 (Linux; Android 6.0.1; Nexus 5X Build/MMB29P) AppleWebKit/537.36 (KHTML, like Gecko) Chrome/147.0.7727.137 Mobile Safari/537.36 (compatible; Googlebot/2.1; +http://www.google.com/bot.html)"
66.249.66.193 - - [06/May/2026:13:37:01 -0400] "GET /index.php?item/1495374 HTTP/1.1" 404 1251 "-" "Mozilla/5.0 (Linux; Android 6.0.1; Nexus 5X Build/MMB29P) AppleWebKit/537.36 (KHTML, like Gecko) Chrome/147.0.7727.137 Mobile Safari/537.36 (compatible; Googlebot/2.1; +http://www.google.com/bot.html)"
66.249.66.44 - - [06/May/2026:13:37:17 -0400] "GET /index.php?item/1302368 HTTP/1.1" 404 1251 "-" "Mozilla/5.0 (Linux; Android 6.0.1; Nexus 5X Build/MMB29P) AppleWebKit/537.36 (KHTML, like Gecko) Chrome/147.0.7727.137 Mobile Safari/537.36 (compatible; Googlebot/2.1; +http://www.google.com/bot.html)"
66.249.66.43 - - [06/May/2026:13:37:29 -0400] "GET /index.php?item/1271675 HTTP/1.1" 404 1251 "-" "Mozilla/5.0 (Linux; Android 6.0.1; Nexus 5X Build/MMB29P) AppleWebKit/537.36 (KHTML, like Gecko) Chrome/147.0.7727.137 Mobile Safari/537.36 (compatible; Googlebot/2.1; +http://www.google.com/bot.html)"
66.249.66.43 - - [06/May/2026:13:37:39 -0400] "GET /index.php?item/1749827 HTTP/1.1" 404 1251 "-" "Mozilla/5.0 (Linux; Android 6.0.1; Nexus 5X Build/MMB29P) AppleWebKit/537.36 (KHTML, like Gecko) Chrome/147.0.7727.137 Mobile Safari/537.36 (compatible; Googlebot/2.1; +http://www.google.com/bot.html)"
66.249.66.43 - - [06/May/2026:13:37:45 -0400] "GET /index.php?item/1160436 HTTP/1.1" 404 1251 "-" "Mozilla/5.0 (Linux; Android 6.0.1; Nexus 5X Build/MMB29P) AppleWebKit/537.36 (KHTML, like Gecko) Chrome/147.0.7727.137 Mobile Safari/537.36 (compatible; Googlebot/2.1; +http://www.google.com/bot.html)"
170.106.73.216 - - [06/May/2026:13:37:51 -0400] "GET /aboutus.php HTTP/1.1" 200 6587 "-" "Mozilla/5.0 (iPhone; CPU iPhone OS 13_2_3 like Mac OS X) AppleWebKit/605.1.15 (KHTML, like Gecko) Version/13.0.3 Mobile/15E148 Safari/604.1"
66.249.66.11 - - [06/May/2026:13:37:57 -0400] "GET /index.php?item/1567007 HTTP/1.1" 404 1251 "-" "Mozilla/5.0 (Linux; Android 6.0.1; Nexus 5X Build/MMB29P) AppleWebKit/537.36 (KHTML, like Gecko) Chrome/147.0.7727.137 Mobile Safari/537.36 (compatible; Googlebot/2.1; +http://www.google.com/bot.html)"
66.249.66.45 - - [06/May/2026:13:38:07 -0400] "GET /index.php?item/1548763 HTTP/1.1" 404 1251 "-" "Mozilla/5.0 (Linux; Android 6.0.1; Nexus 5X Build/MMB29P) AppleWebKit/537.36 (KHTML, like Gecko) Chrome/147.0.7727.137 Mobile Safari/537.36 (compatible; Googlebot/2.1; +http://www.google.com/bot.html)"
66.249.66.43 - - [06/May/2026:13:38:12 -0400] "GET /index.php?item/1204319 HTTP/1.1" 404 1251 "-" "Mozilla/5.0 (Linux; Android 6.0.1; Nexus 5X Build/MMB29P) AppleWebKit/537.36 (KHTML, like Gecko) Chrome/147.0.7727.137 Mobile Safari/537.36 (compatible; Googlebot/2.1; +http://www.google.com/bot.html)"
66.249.66.43 - - [06/May/2026:13:38:18 -0400] "GET /index.php?item/1762889 HTTP/1.1" 404 1251 "-" "Mozilla/5.0 (Linux; Android 6.0.1; Nexus 5X Build/MMB29P) AppleWebKit/537.36 (KHTML, like Gecko) Chrome/147.0.7727.137 Mobile Safari/537.36 (compatible; Googlebot/2.1; +http://www.google.com/bot.html)"
66.249.66.43 - - [06/May/2026:13:38:39 -0400] "GET /index.php?item/2085495 HTTP/1.1" 404 1251 "-" "Mozilla/5.0 (Linux; Android 6.0.1; Nexus 5X Build/MMB29P) AppleWebKit/537.36 (KHTML, like Gecko) Chrome/147.0.7727.137 Mobile Safari/537.36 (compatible; Googlebot/2.1; +http://www.google.com/bot.html)"
66.249.66.43 - - [06/May/2026:13:38:54 -0400] "GET /index.php?item/2110228 HTTP/1.1" 404 1251 "-" "Mozilla/5.0 (Linux; Android 6.0.1; Nexus 5X Build/MMB29P) AppleWebKit/537.36 (KHTML, like Gecko) Chrome/147.0.7727.137 Mobile Safari/537.36 (compatible; Googlebot/2.1; +http://www.google.com/bot.html)"
66.249.66.45 - - [06/May/2026:13:39:00 -0400] "GET /index.php?item/2538883 HTTP/1.1" 404 1251 "-" "Mozilla/5.0 (Linux; Android 6.0.1; Nexus 5X Build/MMB29P) AppleWebKit/537.36 (KHTML, like Gecko) Chrome/147.0.7727.137 Mobile Safari/537.36 (compatible; Googlebot/2.1; +http://www.google.com/bot.html)"
66.249.66.165 - - [06/May/2026:13:39:13 -0400] "GET /index.php?item/708207 HTTP/1.1" 404 1251 "-" "Mozilla/5.0 (Linux; Android 6.0.1; Nexus 5X Build/MMB29P) AppleWebKit/537.36 (KHTML, like Gecko) Chrome/147.0.7727.137 Mobile Safari/537.36 (compatible; Googlebot/2.1; +http://www.google.com/bot.html)"
66.249.66.43 - - [06/May/2026:13:39:19 -0400] "GET /index.php?item/2771299 HTTP/1.1" 404 1251 "-" "Mozilla/5.0 (Linux; Android 6.0.1; Nexus 5X Build/MMB29P) AppleWebKit/537.36 (KHTML, like Gecko) Chrome/147.0.7727.137 Mobile Safari/537.36 (compatible; Googlebot/2.1; +http://www.google.com/bot.html)"
66.249.66.74 - - [06/May/2026:13:39:26 -0400] "GET /index.php?item/1688495 HTTP/1.1" 404 1251 "-" "Mozilla/5.0 (Linux; Android 6.0.1; Nexus 5X Build/MMB29P) AppleWebKit/537.36 (KHTML, like Gecko) Chrome/147.0.7727.137 Mobile Safari/537.36 (compatible; Googlebot/2.1; +http://www.google.com/bot.html)"
66.249.66.193 - - [06/May/2026:13:39:32 -0400] "GET /index.php?item/2155133 HTTP/1.1" 404 1251 "-" "Mozilla/5.0 (Linux; Android 6.0.1; Nexus 5X Build/MMB29P) AppleWebKit/537.36 (KHTML, like Gecko) Chrome/147.0.7727.137 Mobile Safari/537.36 (compatible; Googlebot/2.1; +http://www.google.com/bot.html)"
66.249.66.43 - - [06/May/2026:13:39:44 -0400] "GET /index.php?item/2507418 HTTP/1.1" 404 1251 "-" "Mozilla/5.0 (Linux; Android 6.0.1; Nexus 5X Build/MMB29P) AppleWebKit/537.36 (KHTML, like Gecko) Chrome/147.0.7727.137 Mobile Safari/537.36 (compatible; Googlebot/2.1; +http://www.google.com/bot.html)"
66.249.66.165 - - [06/May/2026:13:39:52 -0400] "GET /index.php?item/1153662 HTTP/1.1" 404 1251 "-" "Mozilla/5.0 (Linux; Android 6.0.1; Nexus 5X Build/MMB29P) AppleWebKit/537.36 (KHTML, like Gecko) Chrome/147.0.7727.137 Mobile Safari/537.36 (compatible; Googlebot/2.1; +http://www.google.com/bot.html)"
66.249.66.45 - - [06/May/2026:13:40:10 -0400] "GET /index.php?item/747211 HTTP/1.1" 404 1251 "-" "Mozilla/5.0 (Linux; Android 6.0.1; Nexus 5X Build/MMB29P) AppleWebKit/537.36 (KHTML, like Gecko) Chrome/147.0.7727.137 Mobile Safari/537.36 (compatible; Googlebot/2.1; +http://www.google.com/bot.html)"
66.249.66.165 - - [06/May/2026:13:40:16 -0400] "GET /index.php?item/2677062 HTTP/1.1" 404 1251 "-" "Mozilla/5.0 (Linux; Android 6.0.1; Nexus 5X Build/MMB29P) AppleWebKit/537.36 (KHTML, like Gecko) Chrome/147.0.7727.137 Mobile Safari/537.36 (compatible; Googlebot/2.1; +http://www.google.com/bot.html)"
66.249.66.74 - - [06/May/2026:13:40:36 -0400] "GET /index.php?item/2320012 HTTP/1.1" 404 1251 "-" "Mozilla/5.0 (Linux; Android 6.0.1; Nexus 5X Build/MMB29P) AppleWebKit/537.36 (KHTML, like Gecko) Chrome/147.0.7727.137 Mobile Safari/537.36 (compatible; Googlebot/2.1; +http://www.google.com/bot.html)"
66.249.66.11 - - [06/May/2026:13:40:43 -0400] "GET /index.php?item/2740318 HTTP/1.1" 404 1251 "-" "Mozilla/5.0 (Linux; Android 6.0.1; Nexus 5X Build/MMB29P) AppleWebKit/537.36 (KHTML, like Gecko) Chrome/147.0.7727.137 Mobile Safari/537.36 (compatible; Googlebot/2.1; +http://www.google.com/bot.html)"
66.249.66.74 - - [06/May/2026:13:40:45 -0400] "GET /index.php?item/1803696 HTTP/1.1" 404 1251 "-" "Mozilla/5.0 (Linux; Android 6.0.1; Nexus 5X Build/MMB29P) AppleWebKit/537.36 (KHTML, like Gecko) Chrome/147.0.7727.137 Mobile Safari/537.36 (compatible; Googlebot/2.1; +http://www.google.com/bot.html)"
66.249.66.165 - - [06/May/2026:13:40:54 -0400] "GET /index.php?item/2450985 HTTP/1.1" 404 1251 "-" "Mozilla/5.0 (Linux; Android 6.0.1; Nexus 5X Build/MMB29P) AppleWebKit/537.36 (KHTML, like Gecko) Chrome/147.0.7727.137 Mobile Safari/537.36 (compatible; Googlebot/2.1; +http://www.google.com/bot.html)"
66.249.66.194 - - [06/May/2026:13:41:01 -0400] "GET /index.php?item/2659326 HTTP/1.1" 404 1251 "-" "Mozilla/5.0 (Linux; Android 6.0.1; Nexus 5X Build/MMB29P) AppleWebKit/537.36 (KHTML, like Gecko) Chrome/147.0.7727.137 Mobile Safari/537.36 (compatible; Googlebot/2.1; +http://www.google.com/bot.html)"
66.249.66.193 - - [06/May/2026:13:41:07 -0400] "GET /index.php?item/1904655 HTTP/1.1" 404 1251 "-" "Mozilla/5.0 (Linux; Android 6.0.1; Nexus 5X Build/MMB29P) AppleWebKit/537.36 (KHTML, like Gecko) Chrome/147.0.7727.137 Mobile Safari/537.36 (compatible; Googlebot/2.1; +http://www.google.com/bot.html)"
66.249.66.43 - - [06/May/2026:13:41:13 -0400] "GET /index.php?item/1910773 HTTP/1.1" 404 1251 "-" "Mozilla/5.0 (Linux; Android 6.0.1; Nexus 5X Build/MMB29P) AppleWebKit/537.36 (KHTML, like Gecko) Chrome/147.0.7727.137 Mobile Safari/537.36 (compatible; Googlebot/2.1; +http://www.google.com/bot.html)"
66.249.66.43 - - [06/May/2026:13:41:23 -0400] "GET /index.php?item/450297 HTTP/1.1" 404 1251 "-" "Mozilla/5.0 (Linux; Android 6.0.1; Nexus 5X Build/MMB29P) AppleWebKit/537.36 (KHTML, like Gecko) Chrome/147.0.7727.137 Mobile Safari/537.36 (compatible; Googlebot/2.1; +http://www.google.com/bot.html)"
66.249.66.43 - - [06/May/2026:13:41:32 -0400] "GET /index.php?item/752550 HTTP/1.1" 404 1251 "-" "Mozilla/5.0 (Linux; Android 6.0.1; Nexus 5X Build/MMB29P) AppleWebKit/537.36 (KHTML, like Gecko) Chrome/147.0.7727.137 Mobile Safari/537.36 (compatible; Googlebot/2.1; +http://www.google.com/bot.html)"
66.249.66.43 - - [06/May/2026:13:41:38 -0400] "GET /index.php?item/1262345 HTTP/1.1" 404 1251 "-" "Mozilla/5.0 (Linux; Android 6.0.1; Nexus 5X Build/MMB29P) AppleWebKit/537.36 (KHTML, like Gecko) Chrome/147.0.7727.137 Mobile Safari/537.36 (compatible; Googlebot/2.1; +http://www.google.com/bot.html)"
66.249.66.43 - - [06/May/2026:13:41:44 -0400] "GET /index.php?item/3212273 HTTP/1.1" 404 1251 "-" "Mozilla/5.0 (Linux; Android 6.0.1; Nexus 5X Build/MMB29P) AppleWebKit/537.36 (KHTML, like Gecko) Chrome/147.0.7727.137 Mobile Safari/537.36 (compatible; Googlebot/2.1; +http://www.google.com/bot.html)"
66.249.66.43 - - [06/May/2026:13:41:59 -0400] "GET /index.php?item/708138 HTTP/1.1" 404 1251 "-" "Mozilla/5.0 (Linux; Android 6.0.1; Nexus 5X Build/MMB29P) AppleWebKit/537.36 (KHTML, like Gecko) Chrome/147.0.7727.137 Mobile Safari/537.36 (compatible; Googlebot/2.1; +http://www.google.com/bot.html)"
66.249.66.193 - - [06/May/2026:13:42:14 -0400] "GET /index.php?item/1881047 HTTP/1.1" 404 1251 "-" "Mozilla/5.0 (Linux; Android 6.0.1; Nexus 5X Build/MMB29P) AppleWebKit/537.36 (KHTML, like Gecko) Chrome/147.0.7727.137 Mobile Safari/537.36 (compatible; Googlebot/2.1; +http://www.google.com/bot.html)"
66.249.66.43 - - [06/May/2026:13:42:21 -0400] "GET /index.php?item/1659328 HTTP/1.1" 404 1251 "-" "Mozilla/5.0 (Linux; Android 6.0.1; Nexus 5X Build/MMB29P) AppleWebKit/537.36 (KHTML, like Gecko) Chrome/147.0.7727.137 Mobile Safari/537.36 (compatible; Googlebot/2.1; +http://www.google.com/bot.html)"
66.249.66.43 - - [06/May/2026:13:42:47 -0400] "GET /index.php?item/502510 HTTP/1.1" 404 1251 "-" "Mozilla/5.0 (Linux; Android 6.0.1; Nexus 5X Build/MMB29P) AppleWebKit/537.36 (KHTML, like Gecko) Chrome/147.0.7727.137 Mobile Safari/537.36 (compatible; Googlebot/2.1; +http://www.google.com/bot.html)"
66.249.66.43 - - [06/May/2026:13:42:59 -0400] "GET /index.php?item/2003126 HTTP/1.1" 404 1251 "-" "Mozilla/5.0 (Linux; Android 6.0.1; Nexus 5X Build/MMB29P) AppleWebKit/537.36 (KHTML, like Gecko) Chrome/147.0.7727.137 Mobile Safari/537.36 (compatible; Googlebot/2.1; +http://www.google.com/bot.html)"
66.249.66.45 - - [06/May/2026:13:43:11 -0400] "GET /index.php?item/3408529 HTTP/1.1" 404 1251 "-" "Mozilla/5.0 (Linux; Android 6.0.1; Nexus 5X Build/MMB29P) AppleWebKit/537.36 (KHTML, like Gecko) Chrome/147.0.7727.137 Mobile Safari/537.36 (compatible; Googlebot/2.1; +http://www.google.com/bot.html)"
66.249.66.43 - - [06/May/2026:13:43:16 -0400] "GET /index.php?item/1631066 HTTP/1.1" 404 1251 "-" "Mozilla/5.0 (Linux; Android 6.0.1; Nexus 5X Build/MMB29P) AppleWebKit/537.36 (KHTML, like Gecko) Chrome/147.0.7727.137 Mobile Safari/537.36 (compatible; Googlebot/2.1; +http://www.google.com/bot.html)"
66.249.66.193 - - [06/May/2026:13:43:25 -0400] "GET /index.php?item/2649720 HTTP/1.1" 404 1251 "-" "Mozilla/5.0 (Linux; Android 6.0.1; Nexus 5X Build/MMB29P) AppleWebKit/537.36 (KHTML, like Gecko) Chrome/147.0.7727.137 Mobile Safari/537.36 (compatible; Googlebot/2.1; +http://www.google.com/bot.html)"
66.249.66.11 - - [06/May/2026:13:43:34 -0400] "GET /index.php?item/2563677 HTTP/1.1" 404 1251 "-" "Mozilla/5.0 (Linux; Android 6.0.1; Nexus 5X Build/MMB29P) AppleWebKit/537.36 (KHTML, like Gecko) Chrome/147.0.7727.137 Mobile Safari/537.36 (compatible; Googlebot/2.1; +http://www.google.com/bot.html)"
66.249.66.43 - - [06/May/2026:13:43:42 -0400] "GET /index.php?item/2672937 HTTP/1.1" 404 1251 "-" "Mozilla/5.0 (Linux; Android 6.0.1; Nexus 5X Build/MMB29P) AppleWebKit/537.36 (KHTML, like Gecko) Chrome/147.0.7727.137 Mobile Safari/537.36 (compatible; Googlebot/2.1; +http://www.google.com/bot.html)"
66.249.66.43 - - [06/May/2026:13:43:50 -0400] "GET /index.php?item/2939198 HTTP/1.1" 404 1251 "-" "Mozilla/5.0 (Linux; Android 6.0.1; Nexus 5X Build/MMB29P) AppleWebKit/537.36 (KHTML, like Gecko) Chrome/147.0.7727.137 Mobile Safari/537.36 (compatible; Googlebot/2.1; +http://www.google.com/bot.html)"
66.249.66.43 - - [06/May/2026:13:43:58 -0400] "GET /index.php?item/1487712 HTTP/1.1" 404 1251 "-" "Mozilla/5.0 (Linux; Android 6.0.1; Nexus 5X Build/MMB29P) AppleWebKit/537.36 (KHTML, like Gecko) Chrome/147.0.7727.137 Mobile Safari/537.36 (compatible; Googlebot/2.1; +http://www.google.com/bot.html)"
66.249.66.43 - - [06/May/2026:13:44:19 -0400] "GET /index.php?item/1423071 HTTP/1.1" 404 1251 "-" "Mozilla/5.0 (Linux; Android 6.0.1; Nexus 5X Build/MMB29P) AppleWebKit/537.36 (KHTML, like Gecko) Chrome/147.0.7727.137 Mobile Safari/537.36 (compatible; Googlebot/2.1; +http://www.google.com/bot.html)"
66.249.66.12 - - [06/May/2026:13:44:24 -0400] "GET /index.php?item/1292948 HTTP/1.1" 404 1251 "-" "Mozilla/5.0 (Linux; Android 6.0.1; Nexus 5X Build/MMB29P) AppleWebKit/537.36 (KHTML, like Gecko) Chrome/147.0.7727.137 Mobile Safari/537.36 (compatible; Googlebot/2.1; +http://www.google.com/bot.html)"
66.249.66.195 - - [06/May/2026:13:44:31 -0400] "GET /index.php?item/791976 HTTP/1.1" 404 1251 "-" "Mozilla/5.0 (Linux; Android 6.0.1; Nexus 5X Build/MMB29P) AppleWebKit/537.36 (KHTML, like Gecko) Chrome/147.0.7727.137 Mobile Safari/537.36 (compatible; Googlebot/2.1; +http://www.google.com/bot.html)"
66.249.66.43 - - [06/May/2026:13:44:42 -0400] "GET /index.php?item/2157408 HTTP/1.1" 404 1251 "-" "Mozilla/5.0 (Linux; Android 6.0.1; Nexus 5X Build/MMB29P) AppleWebKit/537.36 (KHTML, like Gecko) Chrome/147.0.7727.137 Mobile Safari/537.36 (compatible; Googlebot/2.1; +http://www.google.com/bot.html)"
66.249.66.43 - - [06/May/2026:13:44:55 -0400] "GET /index.php?item/2523465 HTTP/1.1" 404 1251 "-" "Mozilla/5.0 (Linux; Android 6.0.1; Nexus 5X Build/MMB29P) AppleWebKit/537.36 (KHTML, like Gecko) Chrome/147.0.7727.137 Mobile Safari/537.36 (compatible; Googlebot/2.1; +http://www.google.com/bot.html)"
66.249.66.165 - - [06/May/2026:13:45:17 -0400] "GET /index.php?item/3112006 HTTP/1.1" 404 1251 "-" "Mozilla/5.0 (Linux; Android 6.0.1; Nexus 5X Build/MMB29P) AppleWebKit/537.36 (KHTML, like Gecko) Chrome/147.0.7727.137 Mobile Safari/537.36 (compatible; Googlebot/2.1; +http://www.google.com/bot.html)"
66.249.66.44 - - [06/May/2026:13:45:29 -0400] "GET /index.php?item/3064705 HTTP/1.1" 404 1251 "-" "Mozilla/5.0 (Linux; Android 6.0.1; Nexus 5X Build/MMB29P) AppleWebKit/537.36 (KHTML, like Gecko) Chrome/147.0.7727.137 Mobile Safari/537.36 (compatible; Googlebot/2.1; +http://www.google.com/bot.html)"
66.249.66.43 - - [06/May/2026:13:45:40 -0400] "GET /index.php?item/916972 HTTP/1.1" 404 1251 "-" "Mozilla/5.0 (Linux; Android 6.0.1; Nexus 5X Build/MMB29P) AppleWebKit/537.36 (KHTML, like Gecko) Chrome/147.0.7727.137 Mobile Safari/537.36 (compatible; Googlebot/2.1; +http://www.google.com/bot.html)"
66.249.66.74 - - [06/May/2026:13:45:43 -0400] "GET /index.php?item/2268476 HTTP/1.1" 404 1251 "-" "Mozilla/5.0 (Linux; Android 6.0.1; Nexus 5X Build/MMB29P) AppleWebKit/537.36 (KHTML, like Gecko) Chrome/147.0.7727.137 Mobile Safari/537.36 (compatible; Googlebot/2.1; +http://www.google.com/bot.html)"
66.249.66.165 - - [06/May/2026:13:45:55 -0400] "GET /index.php?item/1311894 HTTP/1.1" 404 1251 "-" "Mozilla/5.0 (Linux; Android 6.0.1; Nexus 5X Build/MMB29P) AppleWebKit/537.36 (KHTML, like Gecko) Chrome/147.0.7727.137 Mobile Safari/537.36 (compatible; Googlebot/2.1; +http://www.google.com/bot.html)"
66.249.66.44 - - [06/May/2026:13:45:55 -0400] "GET /index.php?item/3356000 HTTP/1.1" 404 1251 "-" "Mozilla/5.0 (Linux; Android 6.0.1; Nexus 5X Build/MMB29P) AppleWebKit/537.36 (KHTML, like Gecko) Chrome/147.0.7727.137 Mobile Safari/537.36 (compatible; Googlebot/2.1; +http://www.google.com/bot.html)"
66.249.66.11 - - [06/May/2026:13:45:55 -0400] "GET /index.php?item/1346542 HTTP/1.1" 404 1251 "-" "Mozilla/5.0 (Linux; Android 6.0.1; Nexus 5X Build/MMB29P) AppleWebKit/537.36 (KHTML, like Gecko) Chrome/147.0.7727.137 Mobile Safari/537.36 (compatible; Googlebot/2.1; +http://www.google.com/bot.html)"
66.249.66.43 - - [06/May/2026:13:46:14 -0400] "GET /index.php?item/3376212 HTTP/1.1" 404 1251 "-" "Mozilla/5.0 (Linux; Android 6.0.1; Nexus 5X Build/MMB29P) AppleWebKit/537.36 (KHTML, like Gecko) Chrome/147.0.7727.137 Mobile Safari/537.36 (compatible; Googlebot/2.1; +http://www.google.com/bot.html)"
66.249.66.166 - - [06/May/2026:13:46:19 -0400] "GET /index.php?item/1615370 HTTP/1.1" 404 1251 "-" "Mozilla/5.0 (Linux; Android 6.0.1; Nexus 5X Build/MMB29P) AppleWebKit/537.36 (KHTML, like Gecko) Chrome/147.0.7727.137 Mobile Safari/537.36 (compatible; Googlebot/2.1; +http://www.google.com/bot.html)"
66.249.66.193 - - [06/May/2026:13:46:24 -0400] "GET /index.php?item/845436 HTTP/1.1" 404 1251 "-" "Mozilla/5.0 (Linux; Android 6.0.1; Nexus 5X Build/MMB29P) AppleWebKit/537.36 (KHTML, like Gecko) Chrome/147.0.7727.137 Mobile Safari/537.36 (compatible; Googlebot/2.1; +http://www.google.com/bot.html)"
66.249.66.43 - - [06/May/2026:13:46:32 -0400] "GET /index.php?item/1061894 HTTP/1.1" 404 1251 "-" "Mozilla/5.0 (Linux; Android 6.0.1; Nexus 5X Build/MMB29P) AppleWebKit/537.36 (KHTML, like Gecko) Chrome/147.0.7727.137 Mobile Safari/537.36 (compatible; Googlebot/2.1; +http://www.google.com/bot.html)"
66.249.66.43 - - [06/May/2026:13:46:39 -0400] "GET /index.php?item/2122105 HTTP/1.1" 404 1251 "-" "Mozilla/5.0 (Linux; Android 6.0.1; Nexus 5X Build/MMB29P) AppleWebKit/537.36 (KHTML, like Gecko) Chrome/147.0.7727.137 Mobile Safari/537.36 (compatible; Googlebot/2.1; +http://www.google.com/bot.html)"
66.249.66.165 - - [06/May/2026:13:46:46 -0400] "GET /index.php?item/847214 HTTP/1.1" 404 1251 "-" "Mozilla/5.0 (Linux; Android 6.0.1; Nexus 5X Build/MMB29P) AppleWebKit/537.36 (KHTML, like Gecko) Chrome/147.0.7727.137 Mobile Safari/537.36 (compatible; Googlebot/2.1; +http://www.google.com/bot.html)"
66.249.66.43 - - [06/May/2026:13:46:49 -0400] "GET /index.php?item/3147140 HTTP/1.1" 404 1251 "-" "Mozilla/5.0 (Linux; Android 6.0.1; Nexus 5X Build/MMB29P) AppleWebKit/537.36 (KHTML, like Gecko) Chrome/147.0.7727.137 Mobile Safari/537.36 (compatible; Googlebot/2.1; +http://www.google.com/bot.html)"
43.153.7.191 - - [06/May/2026:13:46:50 -0400] "GET /career.php HTTP/1.1" 200 3903 "-" "Mozilla/5.0 (iPhone; CPU iPhone OS 13_2_3 like Mac OS X) AppleWebKit/605.1.15 (KHTML, like Gecko) Version/13.0.3 Mobile/15E148 Safari/604.1"
66.249.66.43 - - [06/May/2026:13:46:57 -0400] "GET /index.php?item/3347226 HTTP/1.1" 404 1251 "-" "Mozilla/5.0 (Linux; Android 6.0.1; Nexus 5X Build/MMB29P) AppleWebKit/537.36 (KHTML, like Gecko) Chrome/147.0.7727.137 Mobile Safari/537.36 (compatible; Googlebot/2.1; +http://www.google.com/bot.html)"
66.249.66.12 - - [06/May/2026:13:47:10 -0400] "GET /index.php?item/970120 HTTP/1.1" 404 1251 "-" "Mozilla/5.0 (Linux; Android 6.0.1; Nexus 5X Build/MMB29P) AppleWebKit/537.36 (KHTML, like Gecko) Chrome/147.0.7727.137 Mobile Safari/537.36 (compatible; Googlebot/2.1; +http://www.google.com/bot.html)"
66.249.66.44 - - [06/May/2026:13:47:24 -0400] "GET /index.php?item/2877251 HTTP/1.1" 404 1251 "-" "Mozilla/5.0 (Linux; Android 6.0.1; Nexus 5X Build/MMB29P) AppleWebKit/537.36 (KHTML, like Gecko) Chrome/147.0.7727.137 Mobile Safari/537.36 (compatible; Googlebot/2.1; +http://www.google.com/bot.html)"
66.249.66.43 - - [06/May/2026:13:47:30 -0400] "GET /index.php?item/2736775 HTTP/1.1" 404 1251 "-" "Mozilla/5.0 (Linux; Android 6.0.1; Nexus 5X Build/MMB29P) AppleWebKit/537.36 (KHTML, like Gecko) Chrome/147.0.7727.137 Mobile Safari/537.36 (compatible; Googlebot/2.1; +http://www.google.com/bot.html)"
66.249.66.43 - - [06/May/2026:13:47:33 -0400] "GET /index.php?item/2904960 HTTP/1.1" 404 1251 "-" "Mozilla/5.0 (Linux; Android 6.0.1; Nexus 5X Build/MMB29P) AppleWebKit/537.36 (KHTML, like Gecko) Chrome/147.0.7727.137 Mobile Safari/537.36 (compatible; Googlebot/2.1; +http://www.google.com/bot.html)"
66.249.66.11 - - [06/May/2026:13:47:39 -0400] "GET /index.php?item/1088980 HTTP/1.1" 404 1251 "-" "Mozilla/5.0 (Linux; Android 6.0.1; Nexus 5X Build/MMB29P) AppleWebKit/537.36 (KHTML, like Gecko) Chrome/147.0.7727.137 Mobile Safari/537.36 (compatible; Googlebot/2.1; +http://www.google.com/bot.html)"
66.249.66.165 - - [06/May/2026:13:47:51 -0400] "GET /index.php?item/3128973 HTTP/1.1" 404 1251 "-" "Mozilla/5.0 (Linux; Android 6.0.1; Nexus 5X Build/MMB29P) AppleWebKit/537.36 (KHTML, like Gecko) Chrome/147.0.7727.137 Mobile Safari/537.36 (compatible; Googlebot/2.1; +http://www.google.com/bot.html)"
66.249.66.11 - - [06/May/2026:13:47:55 -0400] "GET /index.php?item/2658936 HTTP/1.1" 404 1251 "-" "Mozilla/5.0 (Linux; Android 6.0.1; Nexus 5X Build/MMB29P) AppleWebKit/537.36 (KHTML, like Gecko) Chrome/147.0.7727.137 Mobile Safari/537.36 (compatible; Googlebot/2.1; +http://www.google.com/bot.html)"
66.249.66.44 - - [06/May/2026:13:48:05 -0400] "GET /index.php?item/1383908 HTTP/1.1" 404 1251 "-" "Mozilla/5.0 (Linux; Android 6.0.1; Nexus 5X Build/MMB29P) AppleWebKit/537.36 (KHTML, like Gecko) Chrome/147.0.7727.137 Mobile Safari/537.36 (compatible; Googlebot/2.1; +http://www.google.com/bot.html)"
66.249.66.43 - - [06/May/2026:13:48:13 -0400] "GET /index.php?item/482745 HTTP/1.1" 404 1251 "-" "Mozilla/5.0 (Linux; Android 6.0.1; Nexus 5X Build/MMB29P) AppleWebKit/537.36 (KHTML, like Gecko) Chrome/147.0.7727.137 Mobile Safari/537.36 (compatible; Googlebot/2.1; +http://www.google.com/bot.html)"
66.249.66.43 - - [06/May/2026:13:48:22 -0400] "GET /index.php?item/1289117 HTTP/1.1" 404 1251 "-" "Mozilla/5.0 (Linux; Android 6.0.1; Nexus 5X Build/MMB29P) AppleWebKit/537.36 (KHTML, like Gecko) Chrome/147.0.7727.137 Mobile Safari/537.36 (compatible; Googlebot/2.1; +http://www.google.com/bot.html)"
66.249.66.43 - - [06/May/2026:13:48:32 -0400] "GET /index.php?item/3337496 HTTP/1.1" 404 1251 "-" "Mozilla/5.0 (Linux; Android 6.0.1; Nexus 5X Build/MMB29P) AppleWebKit/537.36 (KHTML, like Gecko) Chrome/147.0.7727.137 Mobile Safari/537.36 (compatible; Googlebot/2.1; +http://www.google.com/bot.html)"
66.249.66.43 - - [06/May/2026:13:48:38 -0400] "GET /index.php?item/808741 HTTP/1.1" 404 1251 "-" "Mozilla/5.0 (Linux; Android 6.0.1; Nexus 5X Build/MMB29P) AppleWebKit/537.36 (KHTML, like Gecko) Chrome/147.0.7727.137 Mobile Safari/537.36 (compatible; Googlebot/2.1; +http://www.google.com/bot.html)"
66.249.66.43 - - [06/May/2026:13:48:45 -0400] "GET /index.php?item/2613752 HTTP/1.1" 404 1251 "-" "Mozilla/5.0 (Linux; Android 6.0.1; Nexus 5X Build/MMB29P) AppleWebKit/537.36 (KHTML, like Gecko) Chrome/147.0.7727.137 Mobile Safari/537.36 (compatible; Googlebot/2.1; +http://www.google.com/bot.html)"
66.249.66.194 - - [06/May/2026:13:49:01 -0400] "GET /index.php?item/2368110 HTTP/1.1" 404 1251 "-" "Mozilla/5.0 (Linux; Android 6.0.1; Nexus 5X Build/MMB29P) AppleWebKit/537.36 (KHTML, like Gecko) Chrome/147.0.7727.137 Mobile Safari/537.36 (compatible; Googlebot/2.1; +http://www.google.com/bot.html)"
66.249.66.11 - - [06/May/2026:13:49:12 -0400] "GET /index.php?item/3271323 HTTP/1.1" 404 1251 "-" "Mozilla/5.0 (Linux; Android 6.0.1; Nexus 5X Build/MMB29P) AppleWebKit/537.36 (KHTML, like Gecko) Chrome/147.0.7727.137 Mobile Safari/537.36 (compatible; Googlebot/2.1; +http://www.google.com/bot.html)"
66.249.66.11 - - [06/May/2026:13:49:19 -0400] "GET /index.php?item/2757414 HTTP/1.1" 404 1251 "-" "Mozilla/5.0 (Linux; Android 6.0.1; Nexus 5X Build/MMB29P) AppleWebKit/537.36 (KHTML, like Gecko) Chrome/147.0.7727.137 Mobile Safari/537.36 (compatible; Googlebot/2.1; +http://www.google.com/bot.html)"
